{"id":3424,"date":"2020-08-05T11:17:06","date_gmt":"2020-08-05T09:17:06","guid":{"rendered":"https:\/\/enseigner.unil.ch\/ressources\/?post_type=cptdocument&#038;p=3424"},"modified":"2025-11-21T11:05:42","modified_gmt":"2025-11-21T10:05:42","slug":"la-theorie-de-la-charge-cognitive","status":"publish","type":"cptdocument","link":"https:\/\/enseigner.unil.ch\/ressources\/document\/la-theorie-de-la-charge-cognitive\/","title":{"rendered":"La th\u00e9orie de la charge cognitive"},"content":{"rendered":"\n<div class=\"wp-block-columns is-layout-flex wp-container-core-columns-is-layout-28f84493 wp-block-columns-is-layout-flex\">\n<div class=\"wp-block-column infotableau is-layout-flow wp-block-column-is-layout-flow\">\n<p>Pour cette 1\u00e8re  \u00e9dition, Jean-Philippe Maitre pr\u00e9sente la th\u00e9orie de la charge cognitive et quelques applications possibles dans l&rsquo;enseignement.<\/p>\n\n\n\n<div class=\"wp-block-advgb-accordions advgb-accordions-68fa49cc-1fdf-4c8b-9467-a9467224c878 advgb-accordion-wrapper\" data-collapsed=\"true\">\n<div class=\"wp-block-advgb-accordion-item advgb-accordion-item sommaire-h2\" style=\"margin-bottom:15px\"><div class=\"advgb-accordion-header\" style=\"background-color:#FFFFFF;color:#000000;border-style:solid;border-width:0px;border-radius:2px\"><span class=\"advgb-accordion-header-icon\"><svg fill=\"#000000\" xmlns=\"http:\/\/www.w3.org\/2000\/svg\" width=\"24\" height=\"24\" viewBox=\"0 0 24 24\"><path fill=\"none\" d=\"M0,0h24v24H0V0z\"><\/path><path d=\"M12,5.83L15.17,9l1.41-1.41L12,3L7.41,7.59L8.83,9L12,5.83z M12,18.17L8.83,15l-1.41,1.41L12,21l4.59-4.59L15.17,15 L12,18.17z\"><\/path><\/svg><\/span><h6 class=\"advgb-accordion-header-title\" style=\"color:inherit\">Au sommaire de ce document<\/h6><\/div><div class=\"advgb-accordion-body\" style=\"border-style:solid !important;border-width:0px !important;border-color:undefined !important;border-top:none !important;border-radius:2px !important\">\n<h2 class=\"wp-block-heading has-small-font-size\">D\u00e9finition<\/h2>\n\n\n\n<h2 class=\"wp-block-heading has-small-font-size\">Quelques applications : le partage de l&rsquo;attention, les modalit\u00e9s de pr\u00e9sentation et la redondance, la structure de l&rsquo;enseignement<\/h2>\n\n\n\n<h2 class=\"wp-block-heading has-small-font-size\">Les limites<\/h2>\n\n\n\n<h2 class=\"wp-block-heading has-small-font-size\">Pour aller plus loin<\/h2>\n<\/div><\/div>\n<\/div>\n<\/div>\n\n\n\n<div class=\"wp-block-column infotableau is-layout-flow wp-block-column-is-layout-flow\">\n<div class=\"wp-block-columns infotableaumeta is-layout-flex wp-container-core-columns-is-layout-28f84493 wp-block-columns-is-layout-flex\">\n<div class=\"wp-block-column is-layout-flow wp-block-column-is-layout-flow\">\n<p>Version:<\/p>\n<\/div>\n\n\n\n<div class=\"wp-block-column is-layout-flow wp-block-column-is-layout-flow\">\n<p class=\"highlight\">1.0.0<\/p>\n<\/div>\n<\/div>\n\n\n\n<div class=\"wp-block-columns infotableaumeta is-layout-flex wp-container-core-columns-is-layout-28f84493 wp-block-columns-is-layout-flex\">\n<div class=\"wp-block-column is-layout-flow wp-block-column-is-layout-flow\">\n<p>Date:<\/p>\n<\/div>\n\n\n\n<div class=\"wp-block-column is-layout-flow wp-block-column-is-layout-flow\">\n<p class=\"highlight\">ao\u00fbt 2020<\/p>\n<\/div>\n<\/div>\n\n\n\n<div class=\"wp-block-columns infotableaumeta is-layout-flex wp-container-core-columns-is-layout-28f84493 wp-block-columns-is-layout-flex\">\n<div class=\"wp-block-column is-layout-flow wp-block-column-is-layout-flow\">\n<p>Format:<\/p>\n<\/div>\n\n\n\n<div class=\"wp-block-column is-layout-flow wp-block-column-is-layout-flow\">\n<p class=\"highlight\">PDF<\/p>\n<\/div>\n<\/div>\n\n\n\n<div class=\"wp-block-columns infotableaumeta is-layout-flex wp-container-core-columns-is-layout-28f84493 wp-block-columns-is-layout-flex\">\n<div class=\"wp-block-column is-layout-flow wp-block-column-is-layout-flow\">\n<p class=\"infotitle\">Licence:<\/p>\n<\/div>\n\n\n\n<div class=\"wp-block-column is-layout-flow wp-block-column-is-layout-flow\">\n<p class=\"highlight\">CC BY-NC-SA<\/p>\n<\/div>\n<\/div>\n\n\n\n<div class=\"wp-block-columns infotableaumeta is-layout-flex wp-container-core-columns-is-layout-28f84493 wp-block-columns-is-layout-flex\">\n<div class=\"wp-block-column is-layout-flow wp-block-column-is-layout-flow\">\n<p>Auteur\u00b7e(\u00b7s):<\/p>\n<\/div>\n\n\n\n<div class=\"wp-block-column is-layout-flow wp-block-column-is-layout-flow\">\n<p class=\"highlight\">J.-P. Maitre<\/p>\n<\/div>\n<\/div>\n<\/div>\n<\/div>\n\n\n\n<div data-wp-interactive=\"core\/file\" class=\"wp-block-file\"><object data-wp-bind--hidden=\"!state.hasPdfPreview\" hidden class=\"wp-block-file__embed\" data=\"https:\/\/enseigner.unil.ch\/ressources\/wp-content\/uploads\/20CSE_IN_A_NUTSHELL_01_la_theorie_de_la_charge_cognitive.pdf\" type=\"application\/pdf\" style=\"width:100%;height:600px\" aria-label=\"Contenu embarqu\u00e9 IN A NUTSHELL 01 \u2013 La th\u00e9orie de la charge cognitive.\"><\/object><a id=\"wp-block-file--media-d6bd6c19-6f6e-47ca-ac4f-503eb79413c9\" href=\"https:\/\/enseigner.unil.ch\/ressources\/wp-content\/uploads\/20CSE_IN_A_NUTSHELL_01_la_theorie_de_la_charge_cognitive.pdf\">IN A NUTSHELL 01 \u2013 La th\u00e9orie de la charge cognitive<\/a><a href=\"https:\/\/enseigner.unil.ch\/ressources\/wp-content\/uploads\/20CSE_IN_A_NUTSHELL_01_la_theorie_de_la_charge_cognitive.pdf\" class=\"wp-block-file__button wp-element-button\" download aria-describedby=\"wp-block-file--media-d6bd6c19-6f6e-47ca-ac4f-503eb79413c9\">T\u00e9l\u00e9charger<\/a><\/div>\n","protected":false},"excerpt":{"rendered":"<p>1er num\u00e9ro de &lsquo;In a Nutshell&rsquo; portant sur la th\u00e9orie de la charge cognitive et quelques applications possibles dans l&rsquo;enseignement.<\/p>\n","protected":false},"author":5,"featured_media":3310,"parent":0,"comment_status":"open","ping_status":"open","template":"","format":"standard","meta":{"_uag_custom_page_level_css":"","advgb_blocks_editor_width":"","advgb_blocks_columns_visual_guide":"","footnotes":""},"competences":[192,198],"formats":[230],"outilsnumeriques":[],"thematiques":[263],"class_list":["post-3424","cptdocument","type-cptdocument","status-publish","format-standard","has-post-thumbnail","hentry","competences-communiquer","competences-soutenir","formats-inanutshell","thematiques-motivation"],"uagb_featured_image_src":{"full":["https:\/\/enseigner.unil.ch\/ressources\/wp-content\/uploads\/ian1_couverture.png",1272,1800,false],"thumbnail":["https:\/\/enseigner.unil.ch\/ressources\/wp-content\/uploads\/ian1_couverture-150x150.png",150,150,true],"medium":["https:\/\/enseigner.unil.ch\/ressources\/wp-content\/uploads\/ian1_couverture-212x300.png",212,300,true],"medium_large":["https:\/\/enseigner.unil.ch\/ressources\/wp-content\/uploads\/ian1_couverture-768x1087.png",768,1087,true],"large":["https:\/\/enseigner.unil.ch\/ressources\/wp-content\/uploads\/ian1_couverture-724x1024.png",724,1024,true],"1536x1536":["https:\/\/enseigner.unil.ch\/ressources\/wp-content\/uploads\/ian1_couverture-1085x1536.png",1085,1536,true],"2048x2048":["https:\/\/enseigner.unil.ch\/ressources\/wp-content\/uploads\/ian1_couverture.png",1272,1800,false],"mailpoet_newsletter_max":["https:\/\/enseigner.unil.ch\/ressources\/wp-content\/uploads\/ian1_couverture.png",1272,1800,false]},"uagb_author_info":{"display_name":"CSE","author_link":"https:\/\/enseigner.unil.ch\/ressources\/author\/cseunil-ch\/"},"uagb_comment_info":0,"uagb_excerpt":"1er num\u00e9ro de 'In a Nutshell' portant sur la th\u00e9orie de la charge cognitive et quelques applications possibles dans l'enseignement.","featured_img":"https:\/\/enseigner.unil.ch\/ressources\/wp-content\/uploads\/ian1_couverture.png","coauthors":[],"author_meta":{"author_link":"https:\/\/enseigner.unil.ch\/ressources\/author\/cseunil-ch\/","display_name":"CSE"},"relative_dates":{"created":"Publi\u00e9 6 ans il y a","modified":"Mis \u00e0 jour 5 mois il y a"},"absolute_dates":{"created":"Publi\u00e9 le 05\/08\/2020","modified":"Mise \u00e0 jour le 21\/11\/2025"},"absolute_dates_time":{"created":"Publi\u00e9 le 05\/08\/2020 11:17 am","modified":"Mise \u00e0 jour le 21\/11\/2025 11:05 am"},"featured_img_caption":"","tax_additional":{"competences":{"linked":["<a href=\"https:\/\/enseigner.unil.ch\/ressources\/competences\/communiquer\/\" class=\"advgb-post-tax-term\">Communiquer<\/a>","<a href=\"https:\/\/enseigner.unil.ch\/ressources\/competences\/soutenir\/\" class=\"advgb-post-tax-term\">Soutenir<\/a>"],"unlinked":["<span class=\"advgb-post-tax-term\">Communiquer<\/span>","<span class=\"advgb-post-tax-term\">Soutenir<\/span>"],"slug":"competences","name":"Types de comp\u00e9tences"},"formats":{"linked":["<a href=\"https:\/\/enseigner.unil.ch\/ressources\/formats\/inanutshell\/\" class=\"advgb-post-tax-term\">In a nutshell<\/a>"],"unlinked":["<span class=\"advgb-post-tax-term\">In a nutshell<\/span>"],"slug":"formats","name":"Types de format"},"outilsnumeriques":{"linked":[],"unlinked":[],"slug":"outilsnumeriques","name":"Types d outils num\u00e9riques"},"thematiques":{"linked":["<a href=\"https:\/\/enseigner.unil.ch\/ressources\/thematiques\/motivation\/\" class=\"advgb-post-tax-term\">Motivation des \u00e9tudiant\u00b7es<\/a>"],"unlinked":["<span class=\"advgb-post-tax-term\">Motivation des \u00e9tudiant\u00b7es<\/span>"],"slug":"thematiques","name":"Types de thematiques"}},"series_order":"","_links":{"self":[{"href":"https:\/\/enseigner.unil.ch\/ressources\/wp-json\/wp\/v2\/cptdocument\/3424","targetHints":{"allow":["GET"]}}],"collection":[{"href":"https:\/\/enseigner.unil.ch\/ressources\/wp-json\/wp\/v2\/cptdocument"}],"about":[{"href":"https:\/\/enseigner.unil.ch\/ressources\/wp-json\/wp\/v2\/types\/cptdocument"}],"author":[{"embeddable":true,"href":"https:\/\/enseigner.unil.ch\/ressources\/wp-json\/wp\/v2\/users\/5"}],"replies":[{"embeddable":true,"href":"https:\/\/enseigner.unil.ch\/ressources\/wp-json\/wp\/v2\/comments?post=3424"}],"version-history":[{"count":3,"href":"https:\/\/enseigner.unil.ch\/ressources\/wp-json\/wp\/v2\/cptdocument\/3424\/revisions"}],"predecessor-version":[{"id":10002,"href":"https:\/\/enseigner.unil.ch\/ressources\/wp-json\/wp\/v2\/cptdocument\/3424\/revisions\/10002"}],"wp:featuredmedia":[{"embeddable":true,"href":"https:\/\/enseigner.unil.ch\/ressources\/wp-json\/wp\/v2\/media\/3310"}],"wp:attachment":[{"href":"https:\/\/enseigner.unil.ch\/ressources\/wp-json\/wp\/v2\/media?parent=3424"}],"wp:term":[{"taxonomy":"competences","embeddable":true,"href":"https:\/\/enseigner.unil.ch\/ressources\/wp-json\/wp\/v2\/competences?post=3424"},{"taxonomy":"formats","embeddable":true,"href":"https:\/\/enseigner.unil.ch\/ressources\/wp-json\/wp\/v2\/formats?post=3424"},{"taxonomy":"outilsnumeriques","embeddable":true,"href":"https:\/\/enseigner.unil.ch\/ressources\/wp-json\/wp\/v2\/outilsnumeriques?post=3424"},{"taxonomy":"thematiques","embeddable":true,"href":"https:\/\/enseigner.unil.ch\/ressources\/wp-json\/wp\/v2\/thematiques?post=3424"}],"curies":[{"name":"wp","href":"https:\/\/api.w.org\/{rel}","templated":true}]}}

La théorie de la charge cognitive

<div class="wp-block-columns is-layout-flex wp-container-core-columns-is-layout-28f84493 wp-block-columns-is-layout-flex">
<div class="wp-block-column infotableau is-layout-flow wp-block-column-is-layout-flow">
<p>Pour cette 1ère  édition, Jean-Philippe Maitre présente la théorie de la charge cognitive et quelques applications possibles dans l&rsquo;enseignement.</p>



<div class="wp-block-advgb-accordions advgb-accordions-68fa49cc-1fdf-4c8b-9467-a9467224c878 advgb-accordion-wrapper" data-collapsed="true">
<div class="wp-block-advgb-accordion-item advgb-accordion-item sommaire-h2" style="margin-bottom:15px"><div class="advgb-accordion-header" style="background-color:#FFFFFF;color:#000000;border-style:solid;border-width:0px;border-radius:2px"><span class="advgb-accordion-header-icon"><svg fill="#000000" xmlns="http://www.w3.org/2000/svg" width="24" height="24" viewBox="0 0 24 24"><path fill="none" d="M0,0h24v24H0V0z"></path><path d="M12,5.83L15.17,9l1.41-1.41L12,3L7.41,7.59L8.83,9L12,5.83z M12,18.17L8.83,15l-1.41,1.41L12,21l4.59-4.59L15.17,15 L12,18.17z"></path></svg></span><h6 class="advgb-accordion-header-title" style="color:inherit">Au sommaire de ce document</h6></div><div class="advgb-accordion-body" style="border-style:solid !important;border-width:0px !important;border-color:undefined !important;border-top:none !important;border-radius:2px !important">
<h2 class="wp-block-heading has-small-font-size">Définition</h2>



<h2 class="wp-block-heading has-small-font-size">Quelques applications : le partage de l&rsquo;attention, les modalités de présentation et la redondance, la structure de l&rsquo;enseignement</h2>



<h2 class="wp-block-heading has-small-font-size">Les limites</h2>



<h2 class="wp-block-heading has-small-font-size">Pour aller plus loin</h2>
</div></div>
</div>
</div>



<div class="wp-block-column infotableau is-layout-flow wp-block-column-is-layout-flow">
<div class="wp-block-columns infotableaumeta is-layout-flex wp-container-core-columns-is-layout-28f84493 wp-block-columns-is-layout-flex">
<div class="wp-block-column is-layout-flow wp-block-column-is-layout-flow">
<p>Version:</p>
</div>



<div class="wp-block-column is-layout-flow wp-block-column-is-layout-flow">
<p class="highlight">1.0.0</p>
</div>
</div>



<div class="wp-block-columns infotableaumeta is-layout-flex wp-container-core-columns-is-layout-28f84493 wp-block-columns-is-layout-flex">
<div class="wp-block-column is-layout-flow wp-block-column-is-layout-flow">
<p>Date:</p>
</div>



<div class="wp-block-column is-layout-flow wp-block-column-is-layout-flow">
<p class="highlight">août 2020</p>
</div>
</div>



<div class="wp-block-columns infotableaumeta is-layout-flex wp-container-core-columns-is-layout-28f84493 wp-block-columns-is-layout-flex">
<div class="wp-block-column is-layout-flow wp-block-column-is-layout-flow">
<p>Format:</p>
</div>



<div class="wp-block-column is-layout-flow wp-block-column-is-layout-flow">
<p class="highlight">PDF</p>
</div>
</div>



<div class="wp-block-columns infotableaumeta is-layout-flex wp-container-core-columns-is-layout-28f84493 wp-block-columns-is-layout-flex">
<div class="wp-block-column is-layout-flow wp-block-column-is-layout-flow">
<p class="infotitle">Licence:</p>
</div>



<div class="wp-block-column is-layout-flow wp-block-column-is-layout-flow">
<p class="highlight">CC BY-NC-SA</p>
</div>
</div>



<div class="wp-block-columns infotableaumeta is-layout-flex wp-container-core-columns-is-layout-28f84493 wp-block-columns-is-layout-flex">
<div class="wp-block-column is-layout-flow wp-block-column-is-layout-flow">
<p>Auteur·e(·s):</p>
</div>



<div class="wp-block-column is-layout-flow wp-block-column-is-layout-flow">
<p class="highlight">J.-P. Maitre</p>
</div>
</div>
</div>
</div>



<div data-wp-interactive="core/file" class="wp-block-file"><object data-wp-bind--hidden="!state.hasPdfPreview" hidden class="wp-block-file__embed" data="https://enseigner.unil.ch/ressources/wp-content/uploads/20CSE_IN_A_NUTSHELL_01_la_theorie_de_la_charge_cognitive.pdf" type="application/pdf" style="width:100%;height:600px" aria-label="Contenu embarqué IN A NUTSHELL 01 – La théorie de la charge cognitive."></object><a id="wp-block-file--media-d6bd6c19-6f6e-47ca-ac4f-503eb79413c9" href="https://enseigner.unil.ch/ressources/wp-content/uploads/20CSE_IN_A_NUTSHELL_01_la_theorie_de_la_charge_cognitive.pdf">IN A NUTSHELL 01 – La théorie de la charge cognitive</a><a href="https://enseigner.unil.ch/ressources/wp-content/uploads/20CSE_IN_A_NUTSHELL_01_la_theorie_de_la_charge_cognitive.pdf" class="wp-block-file__button wp-element-button" download aria-describedby="wp-block-file--media-d6bd6c19-6f6e-47ca-ac4f-503eb79413c9">Télécharger</a></div>

<p>1er numéro de &lsquo;In a Nutshell&rsquo; portant sur la théorie de la charge cognitive et quelques applications possibles dans l&rsquo;enseignement.</p>

1er numéro de 'In a Nutshell' portant sur la théorie de la charge cognitive et quelques applications possibles dans l'enseignement.

Publié 6 ans il y a

Mis à jour 5 mois il y a

Publié le 05/08/2020

Mise à jour le 21/11/2025

Publié le 05/08/2020 11:17 am

Mise à jour le 21/11/2025 11:05 am

Types de compétences

Types d outils numériques

<a href="https://enseigner.unil.ch/ressources/thematiques/motivation/" class="advgb-post-tax-term">Motivation des étudiant·es</a>

<span class="advgb-post-tax-term">Motivation des étudiant·es</span>
