{"id":3593,"date":"2017-11-02T16:17:35","date_gmt":"2017-11-02T15:17:35","guid":{"rendered":"https:\/\/enseigner.unil.ch\/ressources\/?post_type=cptdocument&#038;p=3593"},"modified":"2025-07-21T08:33:11","modified_gmt":"2025-07-21T06:33:11","slug":"analyser-le-fonctionnement-de-son-enseignement-avec-la-pratique-reflexive","status":"publish","type":"cptdocument","link":"https:\/\/enseigner.unil.ch\/ressources\/document\/analyser-le-fonctionnement-de-son-enseignement-avec-la-pratique-reflexive\/","title":{"rendered":"Analyser le fonctionnement de son enseignement avec la pratique r\u00e9flexive"},"content":{"rendered":"\n<div class=\"wp-block-columns is-layout-flex wp-container-core-columns-is-layout-28f84493 wp-block-columns-is-layout-flex\">\n<div class=\"wp-block-column infotableau is-layout-flow wp-block-column-is-layout-flow\">\n<p>Ce document vous pr\u00e9sente une d\u00e9marche structur\u00e9e en quatre \u00e9tapes vous permettant d&rsquo;auto-analyser le fonctionnement de votre enseignement. Cette d\u00e9marche s&rsquo;appuie sur le mod\u00e8le de Kolb (1984) et consiste \u00e0 <\/p>\n\n\n\n<ol class=\"wp-block-list\">\n<li>d\u00e9crire une situation d&rsquo;enseignement, <\/li>\n\n\n\n<li>expliquer le fonctionnement de cette situation, <\/li>\n\n\n\n<li>analyser cette exp\u00e9rience et <\/li>\n\n\n\n<li>\u00e9laborer des pistes concr\u00e8tes. <\/li>\n<\/ol>\n\n\n\n<p>Ce document vous permettra d&rsquo;appliquer cette m\u00e9thode \u00e0 partir d&rsquo;un questionnement guid\u00e9. Un exemple est pr\u00e9sent\u00e9 afin d&rsquo;illustrer l&rsquo;application de la m\u00e9thode.<\/p>\n<\/div>\n\n\n\n<div class=\"wp-block-column infotableau is-layout-flow wp-block-column-is-layout-flow\">\n<div class=\"wp-block-columns infotableaumeta is-layout-flex wp-container-core-columns-is-layout-28f84493 wp-block-columns-is-layout-flex\">\n<div class=\"wp-block-column is-layout-flow wp-block-column-is-layout-flow\">\n<p>Version:<\/p>\n<\/div>\n\n\n\n<div class=\"wp-block-column is-layout-flow wp-block-column-is-layout-flow\">\n<p class=\"highlight\">1.0.0<\/p>\n<\/div>\n<\/div>\n\n\n\n<div class=\"wp-block-columns infotableaumeta is-layout-flex wp-container-core-columns-is-layout-28f84493 wp-block-columns-is-layout-flex\">\n<div class=\"wp-block-column is-layout-flow wp-block-column-is-layout-flow\">\n<p>Date:<\/p>\n<\/div>\n\n\n\n<div class=\"wp-block-column is-layout-flow wp-block-column-is-layout-flow\">\n<p class=\"highlight\">2017<\/p>\n<\/div>\n<\/div>\n\n\n\n<div class=\"wp-block-columns infotableaumeta is-layout-flex wp-container-core-columns-is-layout-28f84493 wp-block-columns-is-layout-flex\">\n<div class=\"wp-block-column is-layout-flow wp-block-column-is-layout-flow\">\n<p>Format:<\/p>\n<\/div>\n\n\n\n<div class=\"wp-block-column is-layout-flow wp-block-column-is-layout-flow\">\n<p class=\"highlight\">PDF<\/p>\n<\/div>\n<\/div>\n\n\n\n<div class=\"wp-block-columns infotableaumeta is-layout-flex wp-container-core-columns-is-layout-28f84493 wp-block-columns-is-layout-flex\">\n<div class=\"wp-block-column is-layout-flow wp-block-column-is-layout-flow\">\n<p class=\"infotitle\">Licence:<\/p>\n<\/div>\n\n\n\n<div class=\"wp-block-column is-layout-flow wp-block-column-is-layout-flow\">\n<p class=\"highlight\">BY-NC-ND<\/p>\n<\/div>\n<\/div>\n\n\n\n<div class=\"wp-block-columns infotableaumeta is-layout-flex wp-container-core-columns-is-layout-28f84493 wp-block-columns-is-layout-flex\">\n<div class=\"wp-block-column is-layout-flow wp-block-column-is-layout-flow\">\n<p>Auteur\u00b7e(\u00b7s):<\/p>\n<\/div>\n\n\n\n<div class=\"wp-block-column is-layout-flow wp-block-column-is-layout-flow\">\n<p class=\"highlight\">E. Sylvestre<\/p>\n<\/div>\n<\/div>\n<\/div>\n<\/div>\n\n\n\n<div data-wp-interactive=\"core\/file\" class=\"wp-block-file\"><object data-wp-bind--hidden=\"!state.hasPdfPreview\" hidden class=\"wp-block-file__embed\" data=\"https:\/\/enseigner.unil.ch\/ressources\/wp-content\/uploads\/Fiche-outil-CSE-pratique-reflexive.pdf\" type=\"application\/pdf\" style=\"width:100%;height:600px\" aria-label=\"Contenu embarqu\u00e9 Analyser le fonctionnement de son enseignement avec la pratique r\u00e9flexive.\"><\/object><a id=\"wp-block-file--media-9378bc93-a472-47ed-bad1-87569ce76a88\" href=\"https:\/\/enseigner.unil.ch\/ressources\/wp-content\/uploads\/Fiche-outil-CSE-pratique-reflexive.pdf\">Analyser le fonctionnement de son enseignement avec la pratique r\u00e9flexive<\/a><a href=\"https:\/\/enseigner.unil.ch\/ressources\/wp-content\/uploads\/Fiche-outil-CSE-pratique-reflexive.pdf\" class=\"wp-block-file__button wp-element-button\" download aria-describedby=\"wp-block-file--media-9378bc93-a472-47ed-bad1-87569ce76a88\">T\u00e9l\u00e9charger<\/a><\/div>\n","protected":false},"excerpt":{"rendered":"<p>Pr\u00e9sentation d&rsquo;une d\u00e9marche structur\u00e9e en quatre \u00e9tapes permettant d&rsquo;auto-analyser le fonctionnement de son enseignement.<\/p>\n","protected":false},"author":5,"featured_media":3719,"parent":0,"comment_status":"open","ping_status":"open","template":"","format":"standard","meta":{"_uag_custom_page_level_css":"","advgb_blocks_editor_width":"","advgb_blocks_columns_visual_guide":"","footnotes":""},"competences":[199],"formats":[],"outilsnumeriques":[],"thematiques":[],"class_list":["post-3593","cptdocument","type-cptdocument","status-publish","format-standard","has-post-thumbnail","hentry","competences-valoriser"],"uagb_featured_image_src":{"full":["https:\/\/enseigner.unil.ch\/ressources\/wp-content\/uploads\/pratique_reflexive_couverture.png",1060,1496,false],"thumbnail":["https:\/\/enseigner.unil.ch\/ressources\/wp-content\/uploads\/pratique_reflexive_couverture-150x150.png",150,150,true],"medium":["https:\/\/enseigner.unil.ch\/ressources\/wp-content\/uploads\/pratique_reflexive_couverture-213x300.png",213,300,true],"medium_large":["https:\/\/enseigner.unil.ch\/ressources\/wp-content\/uploads\/pratique_reflexive_couverture-768x1084.png",768,1084,true],"large":["https:\/\/enseigner.unil.ch\/ressources\/wp-content\/uploads\/pratique_reflexive_couverture-726x1024.png",726,1024,true],"1536x1536":["https:\/\/enseigner.unil.ch\/ressources\/wp-content\/uploads\/pratique_reflexive_couverture.png",1060,1496,false],"2048x2048":["https:\/\/enseigner.unil.ch\/ressources\/wp-content\/uploads\/pratique_reflexive_couverture.png",1060,1496,false],"mailpoet_newsletter_max":["https:\/\/enseigner.unil.ch\/ressources\/wp-content\/uploads\/pratique_reflexive_couverture.png",1060,1496,false]},"uagb_author_info":{"display_name":"CSE","author_link":"https:\/\/enseigner.unil.ch\/ressources\/author\/cseunil-ch\/"},"uagb_comment_info":0,"uagb_excerpt":"Pr\u00e9sentation d'une d\u00e9marche structur\u00e9e en quatre \u00e9tapes permettant d'auto-analyser le fonctionnement de son enseignement.","featured_img":"https:\/\/enseigner.unil.ch\/ressources\/wp-content\/uploads\/pratique_reflexive_couverture.png","coauthors":[],"author_meta":{"author_link":"https:\/\/enseigner.unil.ch\/ressources\/author\/cseunil-ch\/","display_name":"CSE"},"relative_dates":{"created":"Publi\u00e9 8 ans il y a","modified":"Mis \u00e0 jour 9 mois il y a"},"absolute_dates":{"created":"Publi\u00e9 le 02\/11\/2017","modified":"Mise \u00e0 jour le 21\/07\/2025"},"absolute_dates_time":{"created":"Publi\u00e9 le 02\/11\/2017 4:17 pm","modified":"Mise \u00e0 jour le 21\/07\/2025 8:33 am"},"featured_img_caption":"","tax_additional":{"competences":{"linked":["<a href=\"https:\/\/enseigner.unil.ch\/ressources\/competences\/valoriser\/\" class=\"advgb-post-tax-term\">Valoriser<\/a>"],"unlinked":["<span class=\"advgb-post-tax-term\">Valoriser<\/span>"],"slug":"competences","name":"Types de comp\u00e9tences"},"formats":{"linked":[],"unlinked":[],"slug":"formats","name":"Types de format"},"outilsnumeriques":{"linked":[],"unlinked":[],"slug":"outilsnumeriques","name":"Types d outils num\u00e9riques"},"thematiques":{"linked":[],"unlinked":[],"slug":"thematiques","name":"Types de thematiques"}},"series_order":"","_links":{"self":[{"href":"https:\/\/enseigner.unil.ch\/ressources\/wp-json\/wp\/v2\/cptdocument\/3593","targetHints":{"allow":["GET"]}}],"collection":[{"href":"https:\/\/enseigner.unil.ch\/ressources\/wp-json\/wp\/v2\/cptdocument"}],"about":[{"href":"https:\/\/enseigner.unil.ch\/ressources\/wp-json\/wp\/v2\/types\/cptdocument"}],"author":[{"embeddable":true,"href":"https:\/\/enseigner.unil.ch\/ressources\/wp-json\/wp\/v2\/users\/5"}],"replies":[{"embeddable":true,"href":"https:\/\/enseigner.unil.ch\/ressources\/wp-json\/wp\/v2\/comments?post=3593"}],"version-history":[{"count":1,"href":"https:\/\/enseigner.unil.ch\/ressources\/wp-json\/wp\/v2\/cptdocument\/3593\/revisions"}],"predecessor-version":[{"id":9965,"href":"https:\/\/enseigner.unil.ch\/ressources\/wp-json\/wp\/v2\/cptdocument\/3593\/revisions\/9965"}],"wp:featuredmedia":[{"embeddable":true,"href":"https:\/\/enseigner.unil.ch\/ressources\/wp-json\/wp\/v2\/media\/3719"}],"wp:attachment":[{"href":"https:\/\/enseigner.unil.ch\/ressources\/wp-json\/wp\/v2\/media?parent=3593"}],"wp:term":[{"taxonomy":"competences","embeddable":true,"href":"https:\/\/enseigner.unil.ch\/ressources\/wp-json\/wp\/v2\/competences?post=3593"},{"taxonomy":"formats","embeddable":true,"href":"https:\/\/enseigner.unil.ch\/ressources\/wp-json\/wp\/v2\/formats?post=3593"},{"taxonomy":"outilsnumeriques","embeddable":true,"href":"https:\/\/enseigner.unil.ch\/ressources\/wp-json\/wp\/v2\/outilsnumeriques?post=3593"},{"taxonomy":"thematiques","embeddable":true,"href":"https:\/\/enseigner.unil.ch\/ressources\/wp-json\/wp\/v2\/thematiques?post=3593"}],"curies":[{"name":"wp","href":"https:\/\/api.w.org\/{rel}","templated":true}]}}

Analyser le fonctionnement de son enseignement avec la pratique réflexive

<div class="wp-block-columns is-layout-flex wp-container-core-columns-is-layout-28f84493 wp-block-columns-is-layout-flex">
<div class="wp-block-column infotableau is-layout-flow wp-block-column-is-layout-flow">
<p>Ce document vous présente une démarche structurée en quatre étapes vous permettant d&rsquo;auto-analyser le fonctionnement de votre enseignement. Cette démarche s&rsquo;appuie sur le modèle de Kolb (1984) et consiste à </p>



<ol class="wp-block-list">
<li>décrire une situation d&rsquo;enseignement, </li>



<li>expliquer le fonctionnement de cette situation, </li>



<li>analyser cette expérience et </li>



<li>élaborer des pistes concrètes. </li>
</ol>



<p>Ce document vous permettra d&rsquo;appliquer cette méthode à partir d&rsquo;un questionnement guidé. Un exemple est présenté afin d&rsquo;illustrer l&rsquo;application de la méthode.</p>
</div>



<div class="wp-block-column infotableau is-layout-flow wp-block-column-is-layout-flow">
<div class="wp-block-columns infotableaumeta is-layout-flex wp-container-core-columns-is-layout-28f84493 wp-block-columns-is-layout-flex">
<div class="wp-block-column is-layout-flow wp-block-column-is-layout-flow">
<p>Version:</p>
</div>



<div class="wp-block-column is-layout-flow wp-block-column-is-layout-flow">
<p class="highlight">1.0.0</p>
</div>
</div>



<div class="wp-block-columns infotableaumeta is-layout-flex wp-container-core-columns-is-layout-28f84493 wp-block-columns-is-layout-flex">
<div class="wp-block-column is-layout-flow wp-block-column-is-layout-flow">
<p>Date:</p>
</div>



<div class="wp-block-column is-layout-flow wp-block-column-is-layout-flow">
<p class="highlight">2017</p>
</div>
</div>



<div class="wp-block-columns infotableaumeta is-layout-flex wp-container-core-columns-is-layout-28f84493 wp-block-columns-is-layout-flex">
<div class="wp-block-column is-layout-flow wp-block-column-is-layout-flow">
<p>Format:</p>
</div>



<div class="wp-block-column is-layout-flow wp-block-column-is-layout-flow">
<p class="highlight">PDF</p>
</div>
</div>



<div class="wp-block-columns infotableaumeta is-layout-flex wp-container-core-columns-is-layout-28f84493 wp-block-columns-is-layout-flex">
<div class="wp-block-column is-layout-flow wp-block-column-is-layout-flow">
<p class="infotitle">Licence:</p>
</div>



<div class="wp-block-column is-layout-flow wp-block-column-is-layout-flow">
<p class="highlight">BY-NC-ND</p>
</div>
</div>



<div class="wp-block-columns infotableaumeta is-layout-flex wp-container-core-columns-is-layout-28f84493 wp-block-columns-is-layout-flex">
<div class="wp-block-column is-layout-flow wp-block-column-is-layout-flow">
<p>Auteur·e(·s):</p>
</div>



<div class="wp-block-column is-layout-flow wp-block-column-is-layout-flow">
<p class="highlight">E. Sylvestre</p>
</div>
</div>
</div>
</div>



<div data-wp-interactive="core/file" class="wp-block-file"><object data-wp-bind--hidden="!state.hasPdfPreview" hidden class="wp-block-file__embed" data="https://enseigner.unil.ch/ressources/wp-content/uploads/Fiche-outil-CSE-pratique-reflexive.pdf" type="application/pdf" style="width:100%;height:600px" aria-label="Contenu embarqué Analyser le fonctionnement de son enseignement avec la pratique réflexive."></object><a id="wp-block-file--media-9378bc93-a472-47ed-bad1-87569ce76a88" href="https://enseigner.unil.ch/ressources/wp-content/uploads/Fiche-outil-CSE-pratique-reflexive.pdf">Analyser le fonctionnement de son enseignement avec la pratique réflexive</a><a href="https://enseigner.unil.ch/ressources/wp-content/uploads/Fiche-outil-CSE-pratique-reflexive.pdf" class="wp-block-file__button wp-element-button" download aria-describedby="wp-block-file--media-9378bc93-a472-47ed-bad1-87569ce76a88">Télécharger</a></div>

<p>Présentation d&rsquo;une démarche structurée en quatre étapes permettant d&rsquo;auto-analyser le fonctionnement de son enseignement.</p>

Présentation d'une démarche structurée en quatre étapes permettant d'auto-analyser le fonctionnement de son enseignement.

Publié 8 ans il y a

Mis à jour 9 mois il y a

Publié le 02/11/2017

Mise à jour le 21/07/2025

Publié le 02/11/2017 4:17 pm

Mise à jour le 21/07/2025 8:33 am

Types de compétences

Types d outils numériques
