{"id":3597,"date":"2017-11-02T16:19:03","date_gmt":"2017-11-02T15:19:03","guid":{"rendered":"https:\/\/enseigner.unil.ch\/ressources\/?post_type=cptdocument&#038;p=3597"},"modified":"2025-11-21T11:12:21","modified_gmt":"2025-11-21T10:12:21","slug":"rediger-des-objectifs-dapprentissage","status":"publish","type":"cptdocument","link":"https:\/\/enseigner.unil.ch\/ressources\/document\/rediger-des-objectifs-dapprentissage\/","title":{"rendered":"R\u00e9diger des objectifs d&rsquo;apprentissage"},"content":{"rendered":"\n<div class=\"wp-block-columns is-layout-flex wp-container-core-columns-is-layout-28f84493 wp-block-columns-is-layout-flex\">\n<div class=\"wp-block-column infotableau is-layout-flow wp-block-column-is-layout-flow\">\n<p>Ce document vous propose une d\u00e9marche en trois \u00e9tapes pour r\u00e9diger des objectifs d&rsquo;apprentissage :<\/p>\n\n\n\n<ul class=\"wp-block-list\">\n<li>Premi\u00e8rement, en identifiant les contenus \u00e0 aborder, <\/li>\n\n\n\n<li>Ensuite, en clarifiant les apprentissages attendus, <\/li>\n\n\n\n<li>Finalement, en formulant les objectifs.<\/li>\n<\/ul>\n<\/div>\n\n\n\n<div class=\"wp-block-column infotableau is-layout-flow wp-block-column-is-layout-flow\">\n<div class=\"wp-block-columns infotableaumeta is-layout-flex wp-container-core-columns-is-layout-28f84493 wp-block-columns-is-layout-flex\">\n<div class=\"wp-block-column is-layout-flow wp-block-column-is-layout-flow\">\n<p>Version:<\/p>\n<\/div>\n\n\n\n<div class=\"wp-block-column is-layout-flow wp-block-column-is-layout-flow\">\n<p class=\"highlight\">1.0.0<\/p>\n<\/div>\n<\/div>\n\n\n\n<div class=\"wp-block-columns infotableaumeta is-layout-flex wp-container-core-columns-is-layout-28f84493 wp-block-columns-is-layout-flex\">\n<div class=\"wp-block-column is-layout-flow wp-block-column-is-layout-flow\">\n<p>Date:<\/p>\n<\/div>\n\n\n\n<div class=\"wp-block-column is-layout-flow wp-block-column-is-layout-flow\">\n<p class=\"highlight\">2017<\/p>\n<\/div>\n<\/div>\n\n\n\n<div class=\"wp-block-columns infotableaumeta is-layout-flex wp-container-core-columns-is-layout-28f84493 wp-block-columns-is-layout-flex\">\n<div class=\"wp-block-column is-layout-flow wp-block-column-is-layout-flow\">\n<p>Format:<\/p>\n<\/div>\n\n\n\n<div class=\"wp-block-column is-layout-flow wp-block-column-is-layout-flow\">\n<p class=\"highlight\">PDF<\/p>\n<\/div>\n<\/div>\n\n\n\n<div class=\"wp-block-columns infotableaumeta is-layout-flex wp-container-core-columns-is-layout-28f84493 wp-block-columns-is-layout-flex\">\n<div class=\"wp-block-column is-layout-flow wp-block-column-is-layout-flow\">\n<p class=\"infotitle\">Licence:<\/p>\n<\/div>\n\n\n\n<div class=\"wp-block-column is-layout-flow wp-block-column-is-layout-flow\">\n<p class=\"highlight\">BY-NC-ND<\/p>\n<\/div>\n<\/div>\n\n\n\n<div class=\"wp-block-columns infotableaumeta is-layout-flex wp-container-core-columns-is-layout-28f84493 wp-block-columns-is-layout-flex\">\n<div class=\"wp-block-column is-layout-flow wp-block-column-is-layout-flow\">\n<p>Auteur\u00b7e(\u00b7s):<\/p>\n<\/div>\n\n\n\n<div class=\"wp-block-column is-layout-flow wp-block-column-is-layout-flow\">\n<p class=\"highlight\">D. Dominguez<\/p>\n<\/div>\n<\/div>\n<\/div>\n<\/div>\n\n\n\n<div data-wp-interactive=\"core\/file\" class=\"wp-block-file\"><object data-wp-bind--hidden=\"!state.hasPdfPreview\" hidden class=\"wp-block-file__embed\" data=\"https:\/\/enseigner.unil.ch\/ressources\/wp-content\/uploads\/UNIL-CSE_objectifs_pedagogiques.pdf\" type=\"application\/pdf\" style=\"width:100%;height:600px\" aria-label=\"Contenu embarqu\u00e9 UNIL-CSE_objectifs_pedagogiques.\"><\/object><a id=\"wp-block-file--media-e7c2cc44-245d-41bd-b9cd-a7e6bc107b33\" href=\"https:\/\/enseigner.unil.ch\/ressources\/wp-content\/uploads\/UNIL-CSE_objectifs_pedagogiques.pdf\">UNIL-CSE_objectifs_pedagogiques<\/a><a href=\"https:\/\/enseigner.unil.ch\/ressources\/wp-content\/uploads\/UNIL-CSE_objectifs_pedagogiques.pdf\" class=\"wp-block-file__button wp-element-button\" download aria-describedby=\"wp-block-file--media-e7c2cc44-245d-41bd-b9cd-a7e6bc107b33\">T\u00e9l\u00e9charger<\/a><\/div>\n","protected":false},"excerpt":{"rendered":"<p>Pr\u00e9sentation d&rsquo;une d\u00e9marche en 3 \u00e9tapes pour r\u00e9diger des objectifs d&rsquo;apprentissage.<\/p>\n","protected":false},"author":5,"featured_media":3720,"parent":0,"comment_status":"open","ping_status":"open","template":"","format":"standard","meta":{"_uag_custom_page_level_css":"","advgb_blocks_editor_width":"","advgb_blocks_columns_visual_guide":"","footnotes":""},"competences":[193],"formats":[],"outilsnumeriques":[],"thematiques":[261],"class_list":["post-3597","cptdocument","type-cptdocument","status-publish","format-standard","has-post-thumbnail","hentry","competences-concevoir","thematiques-conception"],"uagb_featured_image_src":{"full":["https:\/\/enseigner.unil.ch\/ressources\/wp-content\/uploads\/objectifs_apprentissage_couverture.png",992,1402,false],"thumbnail":["https:\/\/enseigner.unil.ch\/ressources\/wp-content\/uploads\/objectifs_apprentissage_couverture-150x150.png",150,150,true],"medium":["https:\/\/enseigner.unil.ch\/ressources\/wp-content\/uploads\/objectifs_apprentissage_couverture-212x300.png",212,300,true],"medium_large":["https:\/\/enseigner.unil.ch\/ressources\/wp-content\/uploads\/objectifs_apprentissage_couverture-768x1085.png",768,1085,true],"large":["https:\/\/enseigner.unil.ch\/ressources\/wp-content\/uploads\/objectifs_apprentissage_couverture-725x1024.png",725,1024,true],"1536x1536":["https:\/\/enseigner.unil.ch\/ressources\/wp-content\/uploads\/objectifs_apprentissage_couverture.png",992,1402,false],"2048x2048":["https:\/\/enseigner.unil.ch\/ressources\/wp-content\/uploads\/objectifs_apprentissage_couverture.png",992,1402,false],"mailpoet_newsletter_max":["https:\/\/enseigner.unil.ch\/ressources\/wp-content\/uploads\/objectifs_apprentissage_couverture.png",992,1402,false]},"uagb_author_info":{"display_name":"CSE","author_link":"https:\/\/enseigner.unil.ch\/ressources\/author\/cseunil-ch\/"},"uagb_comment_info":0,"uagb_excerpt":"Pr\u00e9sentation d'une d\u00e9marche en 3 \u00e9tapes pour r\u00e9diger des objectifs d'apprentissage.","featured_img":"https:\/\/enseigner.unil.ch\/ressources\/wp-content\/uploads\/objectifs_apprentissage_couverture.png","coauthors":[],"author_meta":{"author_link":"https:\/\/enseigner.unil.ch\/ressources\/author\/cseunil-ch\/","display_name":"CSE"},"relative_dates":{"created":"Publi\u00e9 8 ans il y a","modified":"Mis \u00e0 jour 5 mois il y a"},"absolute_dates":{"created":"Publi\u00e9 le 02\/11\/2017","modified":"Mise \u00e0 jour le 21\/11\/2025"},"absolute_dates_time":{"created":"Publi\u00e9 le 02\/11\/2017 4:19 pm","modified":"Mise \u00e0 jour le 21\/11\/2025 11:12 am"},"featured_img_caption":"","tax_additional":{"competences":{"linked":["<a href=\"https:\/\/enseigner.unil.ch\/ressources\/competences\/concevoir\/\" class=\"advgb-post-tax-term\">Concevoir<\/a>"],"unlinked":["<span class=\"advgb-post-tax-term\">Concevoir<\/span>"],"slug":"competences","name":"Types de comp\u00e9tences"},"formats":{"linked":[],"unlinked":[],"slug":"formats","name":"Types de format"},"outilsnumeriques":{"linked":[],"unlinked":[],"slug":"outilsnumeriques","name":"Types d outils num\u00e9riques"},"thematiques":{"linked":["<a href=\"https:\/\/enseigner.unil.ch\/ressources\/thematiques\/conception\/\" class=\"advgb-post-tax-term\">Conception de cours<\/a>"],"unlinked":["<span class=\"advgb-post-tax-term\">Conception de cours<\/span>"],"slug":"thematiques","name":"Types de thematiques"}},"series_order":"","_links":{"self":[{"href":"https:\/\/enseigner.unil.ch\/ressources\/wp-json\/wp\/v2\/cptdocument\/3597","targetHints":{"allow":["GET"]}}],"collection":[{"href":"https:\/\/enseigner.unil.ch\/ressources\/wp-json\/wp\/v2\/cptdocument"}],"about":[{"href":"https:\/\/enseigner.unil.ch\/ressources\/wp-json\/wp\/v2\/types\/cptdocument"}],"author":[{"embeddable":true,"href":"https:\/\/enseigner.unil.ch\/ressources\/wp-json\/wp\/v2\/users\/5"}],"replies":[{"embeddable":true,"href":"https:\/\/enseigner.unil.ch\/ressources\/wp-json\/wp\/v2\/comments?post=3597"}],"version-history":[{"count":1,"href":"https:\/\/enseigner.unil.ch\/ressources\/wp-json\/wp\/v2\/cptdocument\/3597\/revisions"}],"predecessor-version":[{"id":9967,"href":"https:\/\/enseigner.unil.ch\/ressources\/wp-json\/wp\/v2\/cptdocument\/3597\/revisions\/9967"}],"wp:featuredmedia":[{"embeddable":true,"href":"https:\/\/enseigner.unil.ch\/ressources\/wp-json\/wp\/v2\/media\/3720"}],"wp:attachment":[{"href":"https:\/\/enseigner.unil.ch\/ressources\/wp-json\/wp\/v2\/media?parent=3597"}],"wp:term":[{"taxonomy":"competences","embeddable":true,"href":"https:\/\/enseigner.unil.ch\/ressources\/wp-json\/wp\/v2\/competences?post=3597"},{"taxonomy":"formats","embeddable":true,"href":"https:\/\/enseigner.unil.ch\/ressources\/wp-json\/wp\/v2\/formats?post=3597"},{"taxonomy":"outilsnumeriques","embeddable":true,"href":"https:\/\/enseigner.unil.ch\/ressources\/wp-json\/wp\/v2\/outilsnumeriques?post=3597"},{"taxonomy":"thematiques","embeddable":true,"href":"https:\/\/enseigner.unil.ch\/ressources\/wp-json\/wp\/v2\/thematiques?post=3597"}],"curies":[{"name":"wp","href":"https:\/\/api.w.org\/{rel}","templated":true}]}}

Rédiger des objectifs d&rsquo;apprentissage

<div class="wp-block-columns is-layout-flex wp-container-core-columns-is-layout-28f84493 wp-block-columns-is-layout-flex">
<div class="wp-block-column infotableau is-layout-flow wp-block-column-is-layout-flow">
<p>Ce document vous propose une démarche en trois étapes pour rédiger des objectifs d&rsquo;apprentissage :</p>



<ul class="wp-block-list">
<li>Premièrement, en identifiant les contenus à aborder, </li>



<li>Ensuite, en clarifiant les apprentissages attendus, </li>



<li>Finalement, en formulant les objectifs.</li>
</ul>
</div>



<div class="wp-block-column infotableau is-layout-flow wp-block-column-is-layout-flow">
<div class="wp-block-columns infotableaumeta is-layout-flex wp-container-core-columns-is-layout-28f84493 wp-block-columns-is-layout-flex">
<div class="wp-block-column is-layout-flow wp-block-column-is-layout-flow">
<p>Version:</p>
</div>



<div class="wp-block-column is-layout-flow wp-block-column-is-layout-flow">
<p class="highlight">1.0.0</p>
</div>
</div>



<div class="wp-block-columns infotableaumeta is-layout-flex wp-container-core-columns-is-layout-28f84493 wp-block-columns-is-layout-flex">
<div class="wp-block-column is-layout-flow wp-block-column-is-layout-flow">
<p>Date:</p>
</div>



<div class="wp-block-column is-layout-flow wp-block-column-is-layout-flow">
<p class="highlight">2017</p>
</div>
</div>



<div class="wp-block-columns infotableaumeta is-layout-flex wp-container-core-columns-is-layout-28f84493 wp-block-columns-is-layout-flex">
<div class="wp-block-column is-layout-flow wp-block-column-is-layout-flow">
<p>Format:</p>
</div>



<div class="wp-block-column is-layout-flow wp-block-column-is-layout-flow">
<p class="highlight">PDF</p>
</div>
</div>



<div class="wp-block-columns infotableaumeta is-layout-flex wp-container-core-columns-is-layout-28f84493 wp-block-columns-is-layout-flex">
<div class="wp-block-column is-layout-flow wp-block-column-is-layout-flow">
<p class="infotitle">Licence:</p>
</div>



<div class="wp-block-column is-layout-flow wp-block-column-is-layout-flow">
<p class="highlight">BY-NC-ND</p>
</div>
</div>



<div class="wp-block-columns infotableaumeta is-layout-flex wp-container-core-columns-is-layout-28f84493 wp-block-columns-is-layout-flex">
<div class="wp-block-column is-layout-flow wp-block-column-is-layout-flow">
<p>Auteur·e(·s):</p>
</div>



<div class="wp-block-column is-layout-flow wp-block-column-is-layout-flow">
<p class="highlight">D. Dominguez</p>
</div>
</div>
</div>
</div>



<div data-wp-interactive="core/file" class="wp-block-file"><object data-wp-bind--hidden="!state.hasPdfPreview" hidden class="wp-block-file__embed" data="https://enseigner.unil.ch/ressources/wp-content/uploads/UNIL-CSE_objectifs_pedagogiques.pdf" type="application/pdf" style="width:100%;height:600px" aria-label="Contenu embarqué UNIL-CSE_objectifs_pedagogiques."></object><a id="wp-block-file--media-e7c2cc44-245d-41bd-b9cd-a7e6bc107b33" href="https://enseigner.unil.ch/ressources/wp-content/uploads/UNIL-CSE_objectifs_pedagogiques.pdf">UNIL-CSE_objectifs_pedagogiques</a><a href="https://enseigner.unil.ch/ressources/wp-content/uploads/UNIL-CSE_objectifs_pedagogiques.pdf" class="wp-block-file__button wp-element-button" download aria-describedby="wp-block-file--media-e7c2cc44-245d-41bd-b9cd-a7e6bc107b33">Télécharger</a></div>

<p>Présentation d&rsquo;une démarche en 3 étapes pour rédiger des objectifs d&rsquo;apprentissage.</p>

Présentation d'une démarche en 3 étapes pour rédiger des objectifs d'apprentissage.

Publié 8 ans il y a

Mis à jour 5 mois il y a

Publié le 02/11/2017

Mise à jour le 21/11/2025

Publié le 02/11/2017 4:19 pm

Mise à jour le 21/11/2025 11:12 am

Types de compétences

Types d outils numériques
