{"id":3664,"date":"2016-09-13T15:54:15","date_gmt":"2016-09-13T13:54:15","guid":{"rendered":"https:\/\/enseigner.unil.ch\/ressources\/?post_type=cptdocument&#038;p=3664"},"modified":"2026-01-05T13:35:53","modified_gmt":"2026-01-05T12:35:53","slug":"scenarios-dusage-de-lapp-speakup","status":"publish","type":"cptdocument","link":"https:\/\/enseigner.unil.ch\/ressources\/document\/scenarios-dusage-de-lapp-speakup\/","title":{"rendered":"Sc\u00e9narios d&rsquo;usage de l&rsquo;App SpeakUp"},"content":{"rendered":"\n<div class=\"wp-block-columns is-layout-flex wp-container-core-columns-is-layout-28f84493 wp-block-columns-is-layout-flex\">\n<div class=\"wp-block-column infotableau is-layout-flow wp-block-column-is-layout-flow\">\n<p>Ce document commence par vous expliquer comment cr\u00e9er et mettre en place une salle de discussion avec l\u2019application SpeakUp visant \u00e0 favoriser les interactions entre et avec vos \u00e9tudiant\u00b7es lors de l\u2019enseignement. Une fois la prise en main pr\u00e9sent\u00e9e, diff\u00e9rents sc\u00e9narios p\u00e9dagogiques d\u2019utilisation de SpeakUp vous sont propos\u00e9s : questions \u00e0 choix multiples, interactions spontan\u00e9es, brainstorming, d\u00e9bat, etc.<\/p>\n\n\n\n<div class=\"wp-block-advgb-accordions advgb-accordions-44b18d22-d705-4362-b4f6-3e45a0668a58 advgb-accordion-wrapper\" data-collapsed=\"true\">\n<div class=\"wp-block-advgb-accordion-item advgb-accordion-item sommaire-h2\" style=\"margin-bottom:15px\"><div class=\"advgb-accordion-header\" style=\"background-color:#FFFFFF;color:#000000;border-style:solid;border-width:0px;border-radius:2px\"><span class=\"advgb-accordion-header-icon accordion-state\"><svg class=\"advgb-icon-closed\" fill=\"#000000\" xmlns=\"http:\/\/www.w3.org\/2000\/svg\" width=\"24\" height=\"24\" viewBox=\"0 0 24 24\"><path fill=\"none\" d=\"M0,0h24v24H0V0z\"><\/path><path d=\"M12,5.83L15.17,9l1.41-1.41L12,3L7.41,7.59L8.83,9L12,5.83z M12,18.17L8.83,15l-1.41,1.41L12,21l4.59-4.59L15.17,15 L12,18.17z\"><\/path><\/svg><svg class=\"advgb-icon-opened\" fill=\"#000000\" xmlns=\"http:\/\/www.w3.org\/2000\/svg\" width=\"24\" height=\"24\" viewBox=\"0 0 24 24\"><path fill=\"none\" d=\"M0,0h24v24H0V0z\"><\/path><path d=\"M7.41,18.59L8.83,20L12,16.83L15.17,20l1.41-1.41L12,14L7.41,18.59z M16.59,5.41L15.17,4L12,7.17L8.83,4L7.41,5.41L12,10L16.59,5.41z\"><\/path><\/svg><\/span><h6 class=\"advgb-accordion-header-title\" style=\"color:inherit\">Au sommaire de ce document<\/h6><\/div><div class=\"advgb-accordion-body\" style=\"border-style:solid !important;border-width:0px !important;border-color:undefined !important;border-top:none !important;border-radius:2px !important\">\n<h2 class=\"wp-block-heading has-small-font-size\">Speak Up qu&rsquo;est-ce que c&rsquo;est<\/h2>\n\n\n\n<h2 class=\"wp-block-heading has-small-font-size\">Cr\u00e9er une salle de discussion<\/h2>\n\n\n\n<h2 class=\"wp-block-heading has-small-font-size\">Rejoindre une salle<\/h2>\n\n\n\n<h2 class=\"wp-block-heading has-small-font-size\">Interagir dans une salle<\/h2>\n\n\n\n<h2 class=\"wp-block-heading has-small-font-size\">Les types de questions<\/h2>\n\n\n\n<h2 class=\"wp-block-heading has-small-font-size\">L&rsquo;administration d&rsquo;une salle<\/h2>\n\n\n\n<h2 class=\"wp-block-heading has-small-font-size\">Quelques conseils<\/h2>\n\n\n\n<p>Sc\u00e9narios d&rsquo;utilisation :<\/p>\n\n\n\n<h2 class=\"wp-block-heading has-small-font-size\">Prendre en main SpeakUp<\/h2>\n\n\n\n<h2 class=\"wp-block-heading has-small-font-size\">Interagir spontan\u00e9ment<\/h2>\n\n\n\n<h2 class=\"wp-block-heading has-small-font-size\">Donner son opinion sur un nouveau sujet<\/h2>\n\n\n\n<h2 class=\"wp-block-heading has-small-font-size\">V\u00e9rifier sa compr\u00e9hension<\/h2>\n\n\n\n<h2 class=\"wp-block-heading has-small-font-size\">R\u00e9agir \u00e0 une pr\u00e9sentation d&rsquo;autres \u00e9tudiant\u00b7e\u00b7s<\/h2>\n\n\n\n<h2 class=\"wp-block-heading has-small-font-size\">Donner et recevoir du feedback<\/h2>\n\n\n\n<h2 class=\"wp-block-heading has-small-font-size\">Brainstormer en groupe<\/h2>\n\n\n\n<h2 class=\"wp-block-heading has-small-font-size\">Initier un d\u00e9bat<\/h2>\n<\/div><\/div>\n<\/div>\n<\/div>\n\n\n\n<div class=\"wp-block-column infotableau is-layout-flow wp-block-column-is-layout-flow\">\n<div class=\"wp-block-columns infotableaumeta is-layout-flex wp-container-core-columns-is-layout-28f84493 wp-block-columns-is-layout-flex\">\n<div class=\"wp-block-column is-layout-flow wp-block-column-is-layout-flow\">\n<p>Version:<\/p>\n<\/div>\n\n\n\n<div class=\"wp-block-column is-layout-flow wp-block-column-is-layout-flow\">\n<p class=\"highlight\">1.0.0<\/p>\n<\/div>\n<\/div>\n\n\n\n<div class=\"wp-block-columns infotableaumeta is-layout-flex wp-container-core-columns-is-layout-28f84493 wp-block-columns-is-layout-flex\">\n<div class=\"wp-block-column is-layout-flow wp-block-column-is-layout-flow\">\n<p>Date:<\/p>\n<\/div>\n\n\n\n<div class=\"wp-block-column is-layout-flow wp-block-column-is-layout-flow\">\n<p class=\"highlight\">2016<\/p>\n<\/div>\n<\/div>\n\n\n\n<div class=\"wp-block-columns infotableaumeta is-layout-flex wp-container-core-columns-is-layout-28f84493 wp-block-columns-is-layout-flex\">\n<div class=\"wp-block-column is-layout-flow wp-block-column-is-layout-flow\">\n<p>Format:<\/p>\n<\/div>\n\n\n\n<div class=\"wp-block-column is-layout-flow wp-block-column-is-layout-flow\">\n<p class=\"highlight\">PDF<\/p>\n<\/div>\n<\/div>\n\n\n\n<div class=\"wp-block-columns infotableaumeta is-layout-flex wp-container-core-columns-is-layout-28f84493 wp-block-columns-is-layout-flex\">\n<div class=\"wp-block-column is-layout-flow wp-block-column-is-layout-flow\">\n<p class=\"infotitle\">Licence:<\/p>\n<\/div>\n\n\n\n<div class=\"wp-block-column is-layout-flow wp-block-column-is-layout-flow\">\n<p class=\"highlight\">BY-NC-ND<\/p>\n<\/div>\n<\/div>\n\n\n\n<div class=\"wp-block-columns infotableaumeta is-layout-flex wp-container-core-columns-is-layout-28f84493 wp-block-columns-is-layout-flex\">\n<div class=\"wp-block-column is-layout-flow wp-block-column-is-layout-flow\">\n<p>Auteur\u00b7e(\u00b7s):<\/p>\n<\/div>\n\n\n\n<div class=\"wp-block-column is-layout-flow wp-block-column-is-layout-flow\">\n<p class=\"highlight\">A. Holzer<br>D. Dominguez<br>S. Serry<br>C. El Bez<\/p>\n<\/div>\n<\/div>\n<\/div>\n<\/div>\n\n\n\n<div data-wp-interactive=\"core\/file\" class=\"wp-block-file\"><object data-wp-bind--hidden=\"!state.hasPdfPreview\" hidden class=\"wp-block-file__embed\" data=\"https:\/\/enseigner.unil.ch\/ressources\/wp-content\/uploads\/speakup-scenarios.pdf\" type=\"application\/pdf\" style=\"width:100%;height:600px\" aria-label=\"Contenu embarqu\u00e9 Tutoriel SpeakUp.\"><\/object><a id=\"wp-block-file--media-84609510-7cff-4360-955b-91291f447a6e\" href=\"https:\/\/enseigner.unil.ch\/ressources\/wp-content\/uploads\/speakup-scenarios.pdf\">Tutoriel SpeakUp<\/a><a href=\"https:\/\/enseigner.unil.ch\/ressources\/wp-content\/uploads\/speakup-scenarios.pdf\" class=\"wp-block-file__button wp-element-button\" download aria-describedby=\"wp-block-file--media-84609510-7cff-4360-955b-91291f447a6e\">T\u00e9l\u00e9charger<\/a><\/div>\n","protected":false},"excerpt":{"rendered":"<p>Pr\u00e9sentation des sc\u00e9narios d&rsquo;usage de SpeakUp.<\/p>\n","protected":false},"author":5,"featured_media":3712,"parent":0,"comment_status":"open","ping_status":"open","template":"","format":"standard","meta":{"_uag_custom_page_level_css":"","advgb_blocks_editor_width":"","advgb_blocks_columns_visual_guide":"","footnotes":""},"competences":[190],"formats":[],"outilsnumeriques":[204],"thematiques":[257,264],"class_list":["post-3664","cptdocument","type-cptdocument","status-publish","format-standard","has-post-thumbnail","hentry","competences-animer","outilsnumeriques-speakup","thematiques-activite","thematiques-numerique"],"uagb_featured_image_src":{"full":["https:\/\/enseigner.unil.ch\/ressources\/wp-content\/uploads\/speakup_couverture.png",1034,776,false],"thumbnail":["https:\/\/enseigner.unil.ch\/ressources\/wp-content\/uploads\/speakup_couverture-150x150.png",150,150,true],"medium":["https:\/\/enseigner.unil.ch\/ressources\/wp-content\/uploads\/speakup_couverture-300x225.png",300,225,true],"medium_large":["https:\/\/enseigner.unil.ch\/ressources\/wp-content\/uploads\/speakup_couverture-768x576.png",768,576,true],"large":["https:\/\/enseigner.unil.ch\/ressources\/wp-content\/uploads\/speakup_couverture-1024x768.png",1024,768,true],"1536x1536":["https:\/\/enseigner.unil.ch\/ressources\/wp-content\/uploads\/speakup_couverture.png",1034,776,false],"2048x2048":["https:\/\/enseigner.unil.ch\/ressources\/wp-content\/uploads\/speakup_couverture.png",1034,776,false],"mailpoet_newsletter_max":["https:\/\/enseigner.unil.ch\/ressources\/wp-content\/uploads\/speakup_couverture.png",1034,776,false]},"uagb_author_info":{"display_name":"CSE","author_link":"https:\/\/enseigner.unil.ch\/ressources\/author\/cseunil-ch\/"},"uagb_comment_info":0,"uagb_excerpt":"Pr\u00e9sentation des sc\u00e9narios d'usage de SpeakUp.","featured_img":"https:\/\/enseigner.unil.ch\/ressources\/wp-content\/uploads\/speakup_couverture.png","coauthors":[],"author_meta":{"author_link":"https:\/\/enseigner.unil.ch\/ressources\/author\/cseunil-ch\/","display_name":"CSE"},"relative_dates":{"created":"Publi\u00e9 10 ans il y a","modified":"Mis \u00e0 jour 4 mois il y a"},"absolute_dates":{"created":"Publi\u00e9 le 13\/09\/2016","modified":"Mise \u00e0 jour le 05\/01\/2026"},"absolute_dates_time":{"created":"Publi\u00e9 le 13\/09\/2016 3:54 pm","modified":"Mise \u00e0 jour le 05\/01\/2026 1:35 pm"},"featured_img_caption":"","tax_additional":{"competences":{"linked":["<a href=\"https:\/\/enseigner.unil.ch\/ressources\/competences\/animer\/\" class=\"advgb-post-tax-term\">Animer<\/a>"],"unlinked":["<span class=\"advgb-post-tax-term\">Animer<\/span>"],"slug":"competences","name":"Types de comp\u00e9tences"},"formats":{"linked":[],"unlinked":[],"slug":"formats","name":"Types de format"},"outilsnumeriques":{"linked":["<a href=\"https:\/\/enseigner.unil.ch\/ressources\/outilsnumeriques\/speakup\/\" class=\"advgb-post-tax-term\">SpeakUp<\/a>"],"unlinked":["<span class=\"advgb-post-tax-term\">SpeakUp<\/span>"],"slug":"outilsnumeriques","name":"Types d outils num\u00e9riques"},"thematiques":{"linked":["<a href=\"https:\/\/enseigner.unil.ch\/ressources\/thematiques\/activite\/\" class=\"advgb-post-tax-term\">Activit\u00e9s p\u00e9dagogiques<\/a>","<a href=\"https:\/\/enseigner.unil.ch\/ressources\/thematiques\/numerique\/\" class=\"advgb-post-tax-term\">Outils et pratiques num\u00e9riques<\/a>"],"unlinked":["<span class=\"advgb-post-tax-term\">Activit\u00e9s p\u00e9dagogiques<\/span>","<span class=\"advgb-post-tax-term\">Outils et pratiques num\u00e9riques<\/span>"],"slug":"thematiques","name":"Types de thematiques"}},"series_order":"","_links":{"self":[{"href":"https:\/\/enseigner.unil.ch\/ressources\/wp-json\/wp\/v2\/cptdocument\/3664","targetHints":{"allow":["GET"]}}],"collection":[{"href":"https:\/\/enseigner.unil.ch\/ressources\/wp-json\/wp\/v2\/cptdocument"}],"about":[{"href":"https:\/\/enseigner.unil.ch\/ressources\/wp-json\/wp\/v2\/types\/cptdocument"}],"author":[{"embeddable":true,"href":"https:\/\/enseigner.unil.ch\/ressources\/wp-json\/wp\/v2\/users\/5"}],"replies":[{"embeddable":true,"href":"https:\/\/enseigner.unil.ch\/ressources\/wp-json\/wp\/v2\/comments?post=3664"}],"version-history":[{"count":3,"href":"https:\/\/enseigner.unil.ch\/ressources\/wp-json\/wp\/v2\/cptdocument\/3664\/revisions"}],"predecessor-version":[{"id":11795,"href":"https:\/\/enseigner.unil.ch\/ressources\/wp-json\/wp\/v2\/cptdocument\/3664\/revisions\/11795"}],"wp:featuredmedia":[{"embeddable":true,"href":"https:\/\/enseigner.unil.ch\/ressources\/wp-json\/wp\/v2\/media\/3712"}],"wp:attachment":[{"href":"https:\/\/enseigner.unil.ch\/ressources\/wp-json\/wp\/v2\/media?parent=3664"}],"wp:term":[{"taxonomy":"competences","embeddable":true,"href":"https:\/\/enseigner.unil.ch\/ressources\/wp-json\/wp\/v2\/competences?post=3664"},{"taxonomy":"formats","embeddable":true,"href":"https:\/\/enseigner.unil.ch\/ressources\/wp-json\/wp\/v2\/formats?post=3664"},{"taxonomy":"outilsnumeriques","embeddable":true,"href":"https:\/\/enseigner.unil.ch\/ressources\/wp-json\/wp\/v2\/outilsnumeriques?post=3664"},{"taxonomy":"thematiques","embeddable":true,"href":"https:\/\/enseigner.unil.ch\/ressources\/wp-json\/wp\/v2\/thematiques?post=3664"}],"curies":[{"name":"wp","href":"https:\/\/api.w.org\/{rel}","templated":true}]}}

Scénarios d&rsquo;usage de l&rsquo;App SpeakUp

<div class="wp-block-columns is-layout-flex wp-container-core-columns-is-layout-28f84493 wp-block-columns-is-layout-flex">
<div class="wp-block-column infotableau is-layout-flow wp-block-column-is-layout-flow">
<p>Ce document commence par vous expliquer comment créer et mettre en place une salle de discussion avec l’application SpeakUp visant à favoriser les interactions entre et avec vos étudiant·es lors de l’enseignement. Une fois la prise en main présentée, différents scénarios pédagogiques d’utilisation de SpeakUp vous sont proposés : questions à choix multiples, interactions spontanées, brainstorming, débat, etc.</p>



<div class="wp-block-advgb-accordions advgb-accordions-44b18d22-d705-4362-b4f6-3e45a0668a58 advgb-accordion-wrapper" data-collapsed="true">
<div class="wp-block-advgb-accordion-item advgb-accordion-item sommaire-h2" style="margin-bottom:15px"><div class="advgb-accordion-header" style="background-color:#FFFFFF;color:#000000;border-style:solid;border-width:0px;border-radius:2px"><span class="advgb-accordion-header-icon accordion-state"><svg class="advgb-icon-closed" fill="#000000" xmlns="http://www.w3.org/2000/svg" width="24" height="24" viewBox="0 0 24 24"><path fill="none" d="M0,0h24v24H0V0z"></path><path d="M12,5.83L15.17,9l1.41-1.41L12,3L7.41,7.59L8.83,9L12,5.83z M12,18.17L8.83,15l-1.41,1.41L12,21l4.59-4.59L15.17,15 L12,18.17z"></path></svg><svg class="advgb-icon-opened" fill="#000000" xmlns="http://www.w3.org/2000/svg" width="24" height="24" viewBox="0 0 24 24"><path fill="none" d="M0,0h24v24H0V0z"></path><path d="M7.41,18.59L8.83,20L12,16.83L15.17,20l1.41-1.41L12,14L7.41,18.59z M16.59,5.41L15.17,4L12,7.17L8.83,4L7.41,5.41L12,10L16.59,5.41z"></path></svg></span><h6 class="advgb-accordion-header-title" style="color:inherit">Au sommaire de ce document</h6></div><div class="advgb-accordion-body" style="border-style:solid !important;border-width:0px !important;border-color:undefined !important;border-top:none !important;border-radius:2px !important">
<h2 class="wp-block-heading has-small-font-size">Speak Up qu&rsquo;est-ce que c&rsquo;est</h2>



<h2 class="wp-block-heading has-small-font-size">Créer une salle de discussion</h2>



<h2 class="wp-block-heading has-small-font-size">Rejoindre une salle</h2>



<h2 class="wp-block-heading has-small-font-size">Interagir dans une salle</h2>



<h2 class="wp-block-heading has-small-font-size">Les types de questions</h2>



<h2 class="wp-block-heading has-small-font-size">L&rsquo;administration d&rsquo;une salle</h2>



<h2 class="wp-block-heading has-small-font-size">Quelques conseils</h2>



<p>Scénarios d&rsquo;utilisation :</p>



<h2 class="wp-block-heading has-small-font-size">Prendre en main SpeakUp</h2>



<h2 class="wp-block-heading has-small-font-size">Interagir spontanément</h2>



<h2 class="wp-block-heading has-small-font-size">Donner son opinion sur un nouveau sujet</h2>



<h2 class="wp-block-heading has-small-font-size">Vérifier sa compréhension</h2>



<h2 class="wp-block-heading has-small-font-size">Réagir à une présentation d&rsquo;autres étudiant·e·s</h2>



<h2 class="wp-block-heading has-small-font-size">Donner et recevoir du feedback</h2>



<h2 class="wp-block-heading has-small-font-size">Brainstormer en groupe</h2>



<h2 class="wp-block-heading has-small-font-size">Initier un débat</h2>
</div></div>
</div>
</div>



<div class="wp-block-column infotableau is-layout-flow wp-block-column-is-layout-flow">
<div class="wp-block-columns infotableaumeta is-layout-flex wp-container-core-columns-is-layout-28f84493 wp-block-columns-is-layout-flex">
<div class="wp-block-column is-layout-flow wp-block-column-is-layout-flow">
<p>Version:</p>
</div>



<div class="wp-block-column is-layout-flow wp-block-column-is-layout-flow">
<p class="highlight">1.0.0</p>
</div>
</div>



<div class="wp-block-columns infotableaumeta is-layout-flex wp-container-core-columns-is-layout-28f84493 wp-block-columns-is-layout-flex">
<div class="wp-block-column is-layout-flow wp-block-column-is-layout-flow">
<p>Date:</p>
</div>



<div class="wp-block-column is-layout-flow wp-block-column-is-layout-flow">
<p class="highlight">2016</p>
</div>
</div>



<div class="wp-block-columns infotableaumeta is-layout-flex wp-container-core-columns-is-layout-28f84493 wp-block-columns-is-layout-flex">
<div class="wp-block-column is-layout-flow wp-block-column-is-layout-flow">
<p>Format:</p>
</div>



<div class="wp-block-column is-layout-flow wp-block-column-is-layout-flow">
<p class="highlight">PDF</p>
</div>
</div>



<div class="wp-block-columns infotableaumeta is-layout-flex wp-container-core-columns-is-layout-28f84493 wp-block-columns-is-layout-flex">
<div class="wp-block-column is-layout-flow wp-block-column-is-layout-flow">
<p class="infotitle">Licence:</p>
</div>



<div class="wp-block-column is-layout-flow wp-block-column-is-layout-flow">
<p class="highlight">BY-NC-ND</p>
</div>
</div>



<div class="wp-block-columns infotableaumeta is-layout-flex wp-container-core-columns-is-layout-28f84493 wp-block-columns-is-layout-flex">
<div class="wp-block-column is-layout-flow wp-block-column-is-layout-flow">
<p>Auteur·e(·s):</p>
</div>



<div class="wp-block-column is-layout-flow wp-block-column-is-layout-flow">
<p class="highlight">A. Holzer<br>D. Dominguez<br>S. Serry<br>C. El Bez</p>
</div>
</div>
</div>
</div>



<div data-wp-interactive="core/file" class="wp-block-file"><object data-wp-bind--hidden="!state.hasPdfPreview" hidden class="wp-block-file__embed" data="https://enseigner.unil.ch/ressources/wp-content/uploads/speakup-scenarios.pdf" type="application/pdf" style="width:100%;height:600px" aria-label="Contenu embarqué Tutoriel SpeakUp."></object><a id="wp-block-file--media-84609510-7cff-4360-955b-91291f447a6e" href="https://enseigner.unil.ch/ressources/wp-content/uploads/speakup-scenarios.pdf">Tutoriel SpeakUp</a><a href="https://enseigner.unil.ch/ressources/wp-content/uploads/speakup-scenarios.pdf" class="wp-block-file__button wp-element-button" download aria-describedby="wp-block-file--media-84609510-7cff-4360-955b-91291f447a6e">Télécharger</a></div>

<p>Présentation des scénarios d&rsquo;usage de SpeakUp.</p>

Présentation des scénarios d'usage de SpeakUp.

Publié 10 ans il y a

Mis à jour 4 mois il y a

Publié le 13/09/2016

Mise à jour le 05/01/2026

Publié le 13/09/2016 3:54 pm

Mise à jour le 05/01/2026 1:35 pm

Types de compétences

Types d outils numériques

<a href="https://enseigner.unil.ch/ressources/thematiques/activite/" class="advgb-post-tax-term">Activités pédagogiques</a>

<a href="https://enseigner.unil.ch/ressources/thematiques/numerique/" class="advgb-post-tax-term">Outils et pratiques numériques</a>

<span class="advgb-post-tax-term">Activités pédagogiques</span>

<span class="advgb-post-tax-term">Outils et pratiques numériques</span>
