{"id":3921,"date":"2020-04-21T10:46:04","date_gmt":"2020-04-21T08:46:04","guid":{"rendered":"https:\/\/enseigner.unil.ch\/ressources\/?post_type=cptdocument&#038;p=3921"},"modified":"2026-01-05T13:29:07","modified_gmt":"2026-01-05T12:29:07","slug":"comment-communiquer-avec-mes-etudiants-grace-a-moodle","status":"publish","type":"cptdocument","link":"https:\/\/enseigner.unil.ch\/ressources\/document\/comment-communiquer-avec-mes-etudiants-grace-a-moodle\/","title":{"rendered":"Comment communiquer avec mes \u00e9tudiant\u00b7es gr\u00e2ce \u00e0 Moodle?"},"content":{"rendered":"\n<div class=\"wp-block-columns is-layout-flex wp-container-core-columns-is-layout-28f84493 wp-block-columns-is-layout-flex\">\n<div class=\"wp-block-column infotableau is-layout-flow wp-block-column-is-layout-flow\">\n<p>Le petit guide p\u00e9dagogique sur \u00ab Comment communiquer avec ses \u00e9tudiant\u00b7es gr\u00e2ce \u00e0 Moodle? \u00bb donne des id\u00e9es concr\u00e8tes d\u2019activit\u00e9s existantes sur Moodle pour vous permettre d&rsquo;informer les \u00e9tudiant\u00b7es en permanence et maintenir un lien social avec la classe.<\/p>\n<\/div>\n\n\n\n<div class=\"wp-block-column infotableau is-layout-flow wp-block-column-is-layout-flow\">\n<div class=\"wp-block-columns infotableaumeta is-layout-flex wp-container-core-columns-is-layout-28f84493 wp-block-columns-is-layout-flex\">\n<div class=\"wp-block-column is-layout-flow wp-block-column-is-layout-flow\">\n<p>Version:<\/p>\n<\/div>\n\n\n\n<div class=\"wp-block-column is-layout-flow wp-block-column-is-layout-flow\">\n<p class=\"highlight\">1.0.0<\/p>\n<\/div>\n<\/div>\n\n\n\n<div class=\"wp-block-columns infotableaumeta is-layout-flex wp-container-core-columns-is-layout-28f84493 wp-block-columns-is-layout-flex\">\n<div class=\"wp-block-column is-layout-flow wp-block-column-is-layout-flow\">\n<p>Date:<\/p>\n<\/div>\n\n\n\n<div class=\"wp-block-column is-layout-flow wp-block-column-is-layout-flow\">\n<p class=\"highlight\">2020<\/p>\n<\/div>\n<\/div>\n\n\n\n<div class=\"wp-block-columns infotableaumeta is-layout-flex wp-container-core-columns-is-layout-28f84493 wp-block-columns-is-layout-flex\">\n<div class=\"wp-block-column is-layout-flow wp-block-column-is-layout-flow\">\n<p>Format:<\/p>\n<\/div>\n\n\n\n<div class=\"wp-block-column is-layout-flow wp-block-column-is-layout-flow\">\n<p class=\"highlight\">PDF<\/p>\n<\/div>\n<\/div>\n\n\n\n<div class=\"wp-block-columns infotableaumeta is-layout-flex wp-container-core-columns-is-layout-28f84493 wp-block-columns-is-layout-flex\">\n<div class=\"wp-block-column is-layout-flow wp-block-column-is-layout-flow\">\n<p class=\"infotitle\">Licence:<\/p>\n<\/div>\n\n\n\n<div class=\"wp-block-column is-layout-flow wp-block-column-is-layout-flow\">\n<p class=\"highlight\">BY-NC-ND<\/p>\n<\/div>\n<\/div>\n\n\n\n<div class=\"wp-block-columns infotableaumeta is-layout-flex wp-container-core-columns-is-layout-28f84493 wp-block-columns-is-layout-flex\">\n<div class=\"wp-block-column is-layout-flow wp-block-column-is-layout-flow\">\n<p>Auteur\u00b7e(\u00b7s):<\/p>\n<\/div>\n\n\n\n<div class=\"wp-block-column is-layout-flow wp-block-column-is-layout-flow\">\n<p class=\"highlight\">CSE<\/p>\n<\/div>\n<\/div>\n<\/div>\n<\/div>\n\n\n\n<div data-wp-interactive=\"core\/file\" class=\"wp-block-file\"><object data-wp-bind--hidden=\"!state.hasPdfPreview\" hidden class=\"wp-block-file__embed\" data=\"https:\/\/enseigner.unil.ch\/ressources\/wp-content\/uploads\/Moodle-Communiquer-avec-ses-etudiant.e.s.pdf\" type=\"application\/pdf\" style=\"width:100%;height:600px\" aria-label=\"Contenu embarqu\u00e9 Moodle - Communiquer avec ses e\u0301tudiant\u00b7e\u00b7s.\"><\/object><a id=\"wp-block-file--media-8ce82017-fb34-4892-b10c-b73451c32403\" href=\"https:\/\/enseigner.unil.ch\/ressources\/wp-content\/uploads\/Moodle-Communiquer-avec-ses-etudiant.e.s.pdf\">Moodle &#8211; Communiquer avec ses e\u0301tudiant\u00b7e\u00b7s<\/a><a href=\"https:\/\/enseigner.unil.ch\/ressources\/wp-content\/uploads\/Moodle-Communiquer-avec-ses-etudiant.e.s.pdf\" class=\"wp-block-file__button wp-element-button\" download aria-describedby=\"wp-block-file--media-8ce82017-fb34-4892-b10c-b73451c32403\">T\u00e9l\u00e9charger<\/a><\/div>\n","protected":false},"excerpt":{"rendered":"<p>Une fiche synth\u00e9tique et pratique autour de la communication avec ses \u00e9tudiant\u00b7es sur Moodle.<\/p>\n","protected":false},"author":5,"featured_media":3935,"parent":0,"comment_status":"open","ping_status":"open","template":"","format":"standard","meta":{"_uag_custom_page_level_css":"","advgb_blocks_editor_width":"","advgb_blocks_columns_visual_guide":"","footnotes":""},"competences":[192,196],"formats":[],"outilsnumeriques":[201],"thematiques":[261,264],"class_list":["post-3921","cptdocument","type-cptdocument","status-publish","format-standard","has-post-thumbnail","hentry","competences-communiquer","competences-hybrider","outilsnumeriques-moodle","thematiques-conception","thematiques-numerique"],"uagb_featured_image_src":{"full":["https:\/\/enseigner.unil.ch\/ressources\/wp-content\/uploads\/moodle_communiquer_couverture.png",1072,1518,false],"thumbnail":["https:\/\/enseigner.unil.ch\/ressources\/wp-content\/uploads\/moodle_communiquer_couverture-150x150.png",150,150,true],"medium":["https:\/\/enseigner.unil.ch\/ressources\/wp-content\/uploads\/moodle_communiquer_couverture-212x300.png",212,300,true],"medium_large":["https:\/\/enseigner.unil.ch\/ressources\/wp-content\/uploads\/moodle_communiquer_couverture-768x1088.png",768,1088,true],"large":["https:\/\/enseigner.unil.ch\/ressources\/wp-content\/uploads\/moodle_communiquer_couverture-723x1024.png",723,1024,true],"1536x1536":["https:\/\/enseigner.unil.ch\/ressources\/wp-content\/uploads\/moodle_communiquer_couverture.png",1072,1518,false],"2048x2048":["https:\/\/enseigner.unil.ch\/ressources\/wp-content\/uploads\/moodle_communiquer_couverture.png",1072,1518,false],"mailpoet_newsletter_max":["https:\/\/enseigner.unil.ch\/ressources\/wp-content\/uploads\/moodle_communiquer_couverture.png",1072,1518,false]},"uagb_author_info":{"display_name":"CSE","author_link":"https:\/\/enseigner.unil.ch\/ressources\/author\/cseunil-ch\/"},"uagb_comment_info":0,"uagb_excerpt":"Une fiche synth\u00e9tique et pratique autour de la communication avec ses \u00e9tudiant\u00b7es sur Moodle.","featured_img":"https:\/\/enseigner.unil.ch\/ressources\/wp-content\/uploads\/moodle_communiquer_couverture.png","coauthors":[],"author_meta":{"author_link":"https:\/\/enseigner.unil.ch\/ressources\/author\/cseunil-ch\/","display_name":"CSE"},"relative_dates":{"created":"Publi\u00e9 6 ans il y a","modified":"Mis \u00e0 jour 4 mois il y a"},"absolute_dates":{"created":"Publi\u00e9 le 21\/04\/2020","modified":"Mise \u00e0 jour le 05\/01\/2026"},"absolute_dates_time":{"created":"Publi\u00e9 le 21\/04\/2020 10:46 am","modified":"Mise \u00e0 jour le 05\/01\/2026 1:29 pm"},"featured_img_caption":"","tax_additional":{"competences":{"linked":["<a href=\"https:\/\/enseigner.unil.ch\/ressources\/competences\/communiquer\/\" class=\"advgb-post-tax-term\">Communiquer<\/a>","<a href=\"https:\/\/enseigner.unil.ch\/ressources\/competences\/hybrider\/\" class=\"advgb-post-tax-term\">Hybrider<\/a>"],"unlinked":["<span class=\"advgb-post-tax-term\">Communiquer<\/span>","<span class=\"advgb-post-tax-term\">Hybrider<\/span>"],"slug":"competences","name":"Types de comp\u00e9tences"},"formats":{"linked":[],"unlinked":[],"slug":"formats","name":"Types de format"},"outilsnumeriques":{"linked":["<a href=\"https:\/\/enseigner.unil.ch\/ressources\/outilsnumeriques\/moodle\/\" class=\"advgb-post-tax-term\">Moodle \/ MoodleExam<\/a>"],"unlinked":["<span class=\"advgb-post-tax-term\">Moodle \/ MoodleExam<\/span>"],"slug":"outilsnumeriques","name":"Types d outils num\u00e9riques"},"thematiques":{"linked":["<a href=\"https:\/\/enseigner.unil.ch\/ressources\/thematiques\/conception\/\" class=\"advgb-post-tax-term\">Conception de cours<\/a>","<a href=\"https:\/\/enseigner.unil.ch\/ressources\/thematiques\/numerique\/\" class=\"advgb-post-tax-term\">Outils et pratiques num\u00e9riques<\/a>"],"unlinked":["<span class=\"advgb-post-tax-term\">Conception de cours<\/span>","<span class=\"advgb-post-tax-term\">Outils et pratiques num\u00e9riques<\/span>"],"slug":"thematiques","name":"Types de thematiques"}},"series_order":"","_links":{"self":[{"href":"https:\/\/enseigner.unil.ch\/ressources\/wp-json\/wp\/v2\/cptdocument\/3921","targetHints":{"allow":["GET"]}}],"collection":[{"href":"https:\/\/enseigner.unil.ch\/ressources\/wp-json\/wp\/v2\/cptdocument"}],"about":[{"href":"https:\/\/enseigner.unil.ch\/ressources\/wp-json\/wp\/v2\/types\/cptdocument"}],"author":[{"embeddable":true,"href":"https:\/\/enseigner.unil.ch\/ressources\/wp-json\/wp\/v2\/users\/5"}],"replies":[{"embeddable":true,"href":"https:\/\/enseigner.unil.ch\/ressources\/wp-json\/wp\/v2\/comments?post=3921"}],"version-history":[{"count":4,"href":"https:\/\/enseigner.unil.ch\/ressources\/wp-json\/wp\/v2\/cptdocument\/3921\/revisions"}],"predecessor-version":[{"id":11783,"href":"https:\/\/enseigner.unil.ch\/ressources\/wp-json\/wp\/v2\/cptdocument\/3921\/revisions\/11783"}],"wp:featuredmedia":[{"embeddable":true,"href":"https:\/\/enseigner.unil.ch\/ressources\/wp-json\/wp\/v2\/media\/3935"}],"wp:attachment":[{"href":"https:\/\/enseigner.unil.ch\/ressources\/wp-json\/wp\/v2\/media?parent=3921"}],"wp:term":[{"taxonomy":"competences","embeddable":true,"href":"https:\/\/enseigner.unil.ch\/ressources\/wp-json\/wp\/v2\/competences?post=3921"},{"taxonomy":"formats","embeddable":true,"href":"https:\/\/enseigner.unil.ch\/ressources\/wp-json\/wp\/v2\/formats?post=3921"},{"taxonomy":"outilsnumeriques","embeddable":true,"href":"https:\/\/enseigner.unil.ch\/ressources\/wp-json\/wp\/v2\/outilsnumeriques?post=3921"},{"taxonomy":"thematiques","embeddable":true,"href":"https:\/\/enseigner.unil.ch\/ressources\/wp-json\/wp\/v2\/thematiques?post=3921"}],"curies":[{"name":"wp","href":"https:\/\/api.w.org\/{rel}","templated":true}]}}

Comment communiquer avec mes étudiant·es grâce à Moodle?

<div class="wp-block-columns is-layout-flex wp-container-core-columns-is-layout-28f84493 wp-block-columns-is-layout-flex">
<div class="wp-block-column infotableau is-layout-flow wp-block-column-is-layout-flow">
<p>Le petit guide pédagogique sur « Comment communiquer avec ses étudiant·es grâce à Moodle? » donne des idées concrètes d’activités existantes sur Moodle pour vous permettre d&rsquo;informer les étudiant·es en permanence et maintenir un lien social avec la classe.</p>
</div>



<div class="wp-block-column infotableau is-layout-flow wp-block-column-is-layout-flow">
<div class="wp-block-columns infotableaumeta is-layout-flex wp-container-core-columns-is-layout-28f84493 wp-block-columns-is-layout-flex">
<div class="wp-block-column is-layout-flow wp-block-column-is-layout-flow">
<p>Version:</p>
</div>



<div class="wp-block-column is-layout-flow wp-block-column-is-layout-flow">
<p class="highlight">1.0.0</p>
</div>
</div>



<div class="wp-block-columns infotableaumeta is-layout-flex wp-container-core-columns-is-layout-28f84493 wp-block-columns-is-layout-flex">
<div class="wp-block-column is-layout-flow wp-block-column-is-layout-flow">
<p>Date:</p>
</div>



<div class="wp-block-column is-layout-flow wp-block-column-is-layout-flow">
<p class="highlight">2020</p>
</div>
</div>



<div class="wp-block-columns infotableaumeta is-layout-flex wp-container-core-columns-is-layout-28f84493 wp-block-columns-is-layout-flex">
<div class="wp-block-column is-layout-flow wp-block-column-is-layout-flow">
<p>Format:</p>
</div>



<div class="wp-block-column is-layout-flow wp-block-column-is-layout-flow">
<p class="highlight">PDF</p>
</div>
</div>



<div class="wp-block-columns infotableaumeta is-layout-flex wp-container-core-columns-is-layout-28f84493 wp-block-columns-is-layout-flex">
<div class="wp-block-column is-layout-flow wp-block-column-is-layout-flow">
<p class="infotitle">Licence:</p>
</div>



<div class="wp-block-column is-layout-flow wp-block-column-is-layout-flow">
<p class="highlight">BY-NC-ND</p>
</div>
</div>



<div class="wp-block-columns infotableaumeta is-layout-flex wp-container-core-columns-is-layout-28f84493 wp-block-columns-is-layout-flex">
<div class="wp-block-column is-layout-flow wp-block-column-is-layout-flow">
<p>Auteur·e(·s):</p>
</div>



<div class="wp-block-column is-layout-flow wp-block-column-is-layout-flow">
<p class="highlight">CSE</p>
</div>
</div>
</div>
</div>



<div data-wp-interactive="core/file" class="wp-block-file"><object data-wp-bind--hidden="!state.hasPdfPreview" hidden class="wp-block-file__embed" data="https://enseigner.unil.ch/ressources/wp-content/uploads/Moodle-Communiquer-avec-ses-etudiant.e.s.pdf" type="application/pdf" style="width:100%;height:600px" aria-label="Contenu embarqué Moodle - Communiquer avec ses étudiant·e·s."></object><a id="wp-block-file--media-8ce82017-fb34-4892-b10c-b73451c32403" href="https://enseigner.unil.ch/ressources/wp-content/uploads/Moodle-Communiquer-avec-ses-etudiant.e.s.pdf">Moodle &#8211; Communiquer avec ses étudiant·e·s</a><a href="https://enseigner.unil.ch/ressources/wp-content/uploads/Moodle-Communiquer-avec-ses-etudiant.e.s.pdf" class="wp-block-file__button wp-element-button" download aria-describedby="wp-block-file--media-8ce82017-fb34-4892-b10c-b73451c32403">Télécharger</a></div>

<p>Une fiche synthétique et pratique autour de la communication avec ses étudiant·es sur Moodle.</p>

Une fiche synthétique et pratique autour de la communication avec ses étudiant·es sur Moodle.

Publié 6 ans il y a

Mis à jour 4 mois il y a

Publié le 21/04/2020

Mise à jour le 05/01/2026

Publié le 21/04/2020 10:46 am

Mise à jour le 05/01/2026 1:29 pm

Types de compétences

Types d outils numériques

<a href="https://enseigner.unil.ch/ressources/thematiques/numerique/" class="advgb-post-tax-term">Outils et pratiques numériques</a>

<span class="advgb-post-tax-term">Outils et pratiques numériques</span>
