{"id":4521,"date":"2014-05-10T08:24:00","date_gmt":"2014-05-10T06:24:00","guid":{"rendered":"https:\/\/enseigner.unil.ch\/ressources\/?post_type=cptdocument&#038;p=4521"},"modified":"2025-11-21T11:14:01","modified_gmt":"2025-11-21T10:14:01","slug":"evaluer-a-laide-dun-examen-oral","status":"publish","type":"cptdocument","link":"https:\/\/enseigner.unil.ch\/ressources\/document\/evaluer-a-laide-dun-examen-oral\/","title":{"rendered":"Evaluer \u00e0 l&rsquo;aide d&rsquo;un examen oral"},"content":{"rendered":"\n<div class=\"wp-block-columns is-layout-flex wp-container-core-columns-is-layout-28f84493 wp-block-columns-is-layout-flex\">\n<div class=\"wp-block-column infotableau is-layout-flow wp-block-column-is-layout-flow\">\n<p>L\u2019examen oral permet d\u2019amener les \u00e9tudiant\u00b7e\u00b7s \u00e0 expliciter davantage que dans un \u00e9crit<br>leur compr\u00e9hension d\u2019une mati\u00e8re, mais il doit \u00eatre pr\u00e9par\u00e9 et conduit de mani\u00e8re \u00e0 \u00e9viter les biais de subjectivit\u00e9 inh\u00e9rents \u00e0 ce mode d&rsquo;\u00e9valuation. <\/p>\n\n\n\n<p>Ce document propose un cadre,  sous forme de questions guides, pour soutenir la pr\u00e9paration et l&rsquo;organisation d&rsquo;un examen oral pour \u00e9valuer les apprentissages des \u00e9tudiant\u00b7e\u00b7s dans l&rsquo;enseignement sup\u00e9rieur.<\/p>\n\n\n\n<div class=\"wp-block-advgb-accordions advgb-accordions-9cdecc1b-03d9-4f0a-8005-d3f0bbd9a88c advgb-accordion-wrapper\" data-collapsed=\"true\">\n<div class=\"wp-block-advgb-accordion-item advgb-accordion-item sommaire-h2\" style=\"margin-bottom:15px\"><div class=\"advgb-accordion-header\" style=\"background-color:#FFFFFF;color:#000000;border-style:solid;border-width:0px;border-radius:2px\"><span class=\"advgb-accordion-header-icon\"><svg fill=\"#000000\" xmlns=\"http:\/\/www.w3.org\/2000\/svg\" width=\"24\" height=\"24\" viewBox=\"0 0 24 24\"><path fill=\"none\" d=\"M0,0h24v24H0V0z\"><\/path><path d=\"M12,5.83L15.17,9l1.41-1.41L12,3L7.41,7.59L8.83,9L12,5.83z M12,18.17L8.83,15l-1.41,1.41L12,21l4.59-4.59L15.17,15 L12,18.17z\"><\/path><\/svg><\/span><h6 class=\"advgb-accordion-header-title\" style=\"color:inherit\">Au sommaire de ce document<\/h6><\/div><div class=\"advgb-accordion-body\" style=\"border-style:solid !important;border-width:0px !important;border-color:undefined !important;border-top:none !important;border-radius:2px !important\">\n<h2 class=\"wp-block-heading has-small-font-size\">Les six dimensions de l&rsquo;examen oral<\/h2>\n\n\n\n<h2 class=\"wp-block-heading has-small-font-size\">Les trois phases de l&rsquo;examen oral<\/h2>\n\n\n\n<h2 class=\"wp-block-heading has-small-font-size\">Quelques \u00e9l\u00e9ments \u00e0 retenir<\/h2>\n\n\n\n<h2 class=\"wp-block-heading has-small-font-size\">R\u00e9f\u00e9rences<\/h2>\n<\/div><\/div>\n<\/div>\n<\/div>\n\n\n\n<div class=\"wp-block-column infotableau is-layout-flow wp-block-column-is-layout-flow\">\n<div class=\"wp-block-columns infotableaumeta is-layout-flex wp-container-core-columns-is-layout-28f84493 wp-block-columns-is-layout-flex\">\n<div class=\"wp-block-column is-layout-flow wp-block-column-is-layout-flow\">\n<p>Version:<\/p>\n<\/div>\n\n\n\n<div class=\"wp-block-column is-layout-flow wp-block-column-is-layout-flow\">\n<p class=\"highlight\">1.0.0<\/p>\n<\/div>\n<\/div>\n\n\n\n<div class=\"wp-block-columns infotableaumeta is-layout-flex wp-container-core-columns-is-layout-28f84493 wp-block-columns-is-layout-flex\">\n<div class=\"wp-block-column is-layout-flow wp-block-column-is-layout-flow\">\n<p>Date:<\/p>\n<\/div>\n\n\n\n<div class=\"wp-block-column is-layout-flow wp-block-column-is-layout-flow\">\n<p class=\"highlight\">mai 2014<\/p>\n<\/div>\n<\/div>\n\n\n\n<div class=\"wp-block-columns infotableaumeta is-layout-flex wp-container-core-columns-is-layout-28f84493 wp-block-columns-is-layout-flex\">\n<div class=\"wp-block-column is-layout-flow wp-block-column-is-layout-flow\">\n<p>Format:<\/p>\n<\/div>\n\n\n\n<div class=\"wp-block-column is-layout-flow wp-block-column-is-layout-flow\">\n<p class=\"highlight\">PDF<\/p>\n<\/div>\n<\/div>\n\n\n\n<div class=\"wp-block-columns infotableaumeta is-layout-flex wp-container-core-columns-is-layout-28f84493 wp-block-columns-is-layout-flex\">\n<div class=\"wp-block-column is-layout-flow wp-block-column-is-layout-flow\">\n<p class=\"infotitle\">Licence:<\/p>\n<\/div>\n\n\n\n<div class=\"wp-block-column is-layout-flow wp-block-column-is-layout-flow\">\n<p class=\"highlight\">BY-NC-ND<\/p>\n<\/div>\n<\/div>\n\n\n\n<div class=\"wp-block-columns infotableaumeta is-layout-flex wp-container-core-columns-is-layout-28f84493 wp-block-columns-is-layout-flex\">\n<div class=\"wp-block-column is-layout-flow wp-block-column-is-layout-flow\">\n<p>Auteur\u00b7e(\u00b7s):<\/p>\n<\/div>\n\n\n\n<div class=\"wp-block-column is-layout-flow wp-block-column-is-layout-flow\">\n<p class=\"highlight\">A. Daele<\/p>\n<\/div>\n<\/div>\n<\/div>\n<\/div>\n\n\n\n<div data-wp-interactive=\"core\/file\" class=\"wp-block-file\"><object data-wp-bind--hidden=\"!state.hasPdfPreview\" hidden class=\"wp-block-file__embed\" data=\"https:\/\/enseigner.unil.ch\/ressources\/wp-content\/uploads\/exam-oral.pdf\" type=\"application\/pdf\" style=\"width:100%;height:600px\" aria-label=\"Contenu embarqu\u00e9 exam-oral.\"><\/object><a id=\"wp-block-file--media-012870cf-8683-4913-a1dc-efb5882a1fd4\" href=\"https:\/\/enseigner.unil.ch\/ressources\/wp-content\/uploads\/exam-oral.pdf\">exam-oral<\/a><a href=\"https:\/\/enseigner.unil.ch\/ressources\/wp-content\/uploads\/exam-oral.pdf\" class=\"wp-block-file__button wp-element-button\" download aria-describedby=\"wp-block-file--media-012870cf-8683-4913-a1dc-efb5882a1fd4\">T\u00e9l\u00e9charger<\/a><\/div>\n","protected":false},"excerpt":{"rendered":"<p>Cadre pour la pr\u00e9paration et l&rsquo;organisation d&rsquo;un examen oral dans l&rsquo;enseignement sup\u00e9rieur, et description des avantages et inconv\u00e9nients de ce mode d&rsquo;\u00e9valuation.<\/p>\n","protected":false},"author":5,"featured_media":4525,"parent":0,"comment_status":"open","ping_status":"open","template":"","format":"standard","meta":{"_uag_custom_page_level_css":"","advgb_blocks_editor_width":"","advgb_blocks_columns_visual_guide":"","footnotes":""},"competences":[195],"formats":[220],"outilsnumeriques":[],"thematiques":[256],"class_list":["post-4521","cptdocument","type-cptdocument","status-publish","format-standard","has-post-thumbnail","hentry","competences-evaluer","formats-memos","thematiques-feedback"],"uagb_featured_image_src":{"full":["https:\/\/enseigner.unil.ch\/ressources\/wp-content\/uploads\/exam-oral_couverture.png",1084,1534,false],"thumbnail":["https:\/\/enseigner.unil.ch\/ressources\/wp-content\/uploads\/exam-oral_couverture-150x150.png",150,150,true],"medium":["https:\/\/enseigner.unil.ch\/ressources\/wp-content\/uploads\/exam-oral_couverture-212x300.png",212,300,true],"medium_large":["https:\/\/enseigner.unil.ch\/ressources\/wp-content\/uploads\/exam-oral_couverture-768x1087.png",768,1087,true],"large":["https:\/\/enseigner.unil.ch\/ressources\/wp-content\/uploads\/exam-oral_couverture-724x1024.png",724,1024,true],"1536x1536":["https:\/\/enseigner.unil.ch\/ressources\/wp-content\/uploads\/exam-oral_couverture.png",1084,1534,false],"2048x2048":["https:\/\/enseigner.unil.ch\/ressources\/wp-content\/uploads\/exam-oral_couverture.png",1084,1534,false],"mailpoet_newsletter_max":["https:\/\/enseigner.unil.ch\/ressources\/wp-content\/uploads\/exam-oral_couverture.png",1084,1534,false]},"uagb_author_info":{"display_name":"CSE","author_link":"https:\/\/enseigner.unil.ch\/ressources\/author\/cseunil-ch\/"},"uagb_comment_info":0,"uagb_excerpt":"Cadre pour la pr\u00e9paration et l'organisation d'un examen oral dans l'enseignement sup\u00e9rieur, et description des avantages et inconv\u00e9nients de ce mode d'\u00e9valuation.","featured_img":"https:\/\/enseigner.unil.ch\/ressources\/wp-content\/uploads\/exam-oral_couverture.png","coauthors":[],"author_meta":{"author_link":"https:\/\/enseigner.unil.ch\/ressources\/author\/cseunil-ch\/","display_name":"CSE"},"relative_dates":{"created":"Publi\u00e9 12 ans il y a","modified":"Mis \u00e0 jour 5 mois il y a"},"absolute_dates":{"created":"Publi\u00e9 le 10\/05\/2014","modified":"Mise \u00e0 jour le 21\/11\/2025"},"absolute_dates_time":{"created":"Publi\u00e9 le 10\/05\/2014 8:24 am","modified":"Mise \u00e0 jour le 21\/11\/2025 11:14 am"},"featured_img_caption":"","tax_additional":{"competences":{"linked":["<a href=\"https:\/\/enseigner.unil.ch\/ressources\/competences\/evaluer\/\" class=\"advgb-post-tax-term\">Evaluer<\/a>"],"unlinked":["<span class=\"advgb-post-tax-term\">Evaluer<\/span>"],"slug":"competences","name":"Types de comp\u00e9tences"},"formats":{"linked":["<a href=\"https:\/\/enseigner.unil.ch\/ressources\/formats\/memos\/\" class=\"advgb-post-tax-term\">Les m\u00e9mos du CSE<\/a>"],"unlinked":["<span class=\"advgb-post-tax-term\">Les m\u00e9mos du CSE<\/span>"],"slug":"formats","name":"Types de format"},"outilsnumeriques":{"linked":[],"unlinked":[],"slug":"outilsnumeriques","name":"Types d outils num\u00e9riques"},"thematiques":{"linked":["<a href=\"https:\/\/enseigner.unil.ch\/ressources\/thematiques\/feedback\/\" class=\"advgb-post-tax-term\">\u00c9valuation des apprentissages<\/a>"],"unlinked":["<span class=\"advgb-post-tax-term\">\u00c9valuation des apprentissages<\/span>"],"slug":"thematiques","name":"Types de thematiques"}},"series_order":"","_links":{"self":[{"href":"https:\/\/enseigner.unil.ch\/ressources\/wp-json\/wp\/v2\/cptdocument\/4521","targetHints":{"allow":["GET"]}}],"collection":[{"href":"https:\/\/enseigner.unil.ch\/ressources\/wp-json\/wp\/v2\/cptdocument"}],"about":[{"href":"https:\/\/enseigner.unil.ch\/ressources\/wp-json\/wp\/v2\/types\/cptdocument"}],"author":[{"embeddable":true,"href":"https:\/\/enseigner.unil.ch\/ressources\/wp-json\/wp\/v2\/users\/5"}],"replies":[{"embeddable":true,"href":"https:\/\/enseigner.unil.ch\/ressources\/wp-json\/wp\/v2\/comments?post=4521"}],"version-history":[{"count":3,"href":"https:\/\/enseigner.unil.ch\/ressources\/wp-json\/wp\/v2\/cptdocument\/4521\/revisions"}],"predecessor-version":[{"id":9956,"href":"https:\/\/enseigner.unil.ch\/ressources\/wp-json\/wp\/v2\/cptdocument\/4521\/revisions\/9956"}],"wp:featuredmedia":[{"embeddable":true,"href":"https:\/\/enseigner.unil.ch\/ressources\/wp-json\/wp\/v2\/media\/4525"}],"wp:attachment":[{"href":"https:\/\/enseigner.unil.ch\/ressources\/wp-json\/wp\/v2\/media?parent=4521"}],"wp:term":[{"taxonomy":"competences","embeddable":true,"href":"https:\/\/enseigner.unil.ch\/ressources\/wp-json\/wp\/v2\/competences?post=4521"},{"taxonomy":"formats","embeddable":true,"href":"https:\/\/enseigner.unil.ch\/ressources\/wp-json\/wp\/v2\/formats?post=4521"},{"taxonomy":"outilsnumeriques","embeddable":true,"href":"https:\/\/enseigner.unil.ch\/ressources\/wp-json\/wp\/v2\/outilsnumeriques?post=4521"},{"taxonomy":"thematiques","embeddable":true,"href":"https:\/\/enseigner.unil.ch\/ressources\/wp-json\/wp\/v2\/thematiques?post=4521"}],"curies":[{"name":"wp","href":"https:\/\/api.w.org\/{rel}","templated":true}]}}

Evaluer à l&rsquo;aide d&rsquo;un examen oral

<div class="wp-block-columns is-layout-flex wp-container-core-columns-is-layout-28f84493 wp-block-columns-is-layout-flex">
<div class="wp-block-column infotableau is-layout-flow wp-block-column-is-layout-flow">
<p>L’examen oral permet d’amener les étudiant·e·s à expliciter davantage que dans un écrit<br>leur compréhension d’une matière, mais il doit être préparé et conduit de manière à éviter les biais de subjectivité inhérents à ce mode d&rsquo;évaluation. </p>



<p>Ce document propose un cadre,  sous forme de questions guides, pour soutenir la préparation et l&rsquo;organisation d&rsquo;un examen oral pour évaluer les apprentissages des étudiant·e·s dans l&rsquo;enseignement supérieur.</p>



<div class="wp-block-advgb-accordions advgb-accordions-9cdecc1b-03d9-4f0a-8005-d3f0bbd9a88c advgb-accordion-wrapper" data-collapsed="true">
<div class="wp-block-advgb-accordion-item advgb-accordion-item sommaire-h2" style="margin-bottom:15px"><div class="advgb-accordion-header" style="background-color:#FFFFFF;color:#000000;border-style:solid;border-width:0px;border-radius:2px"><span class="advgb-accordion-header-icon"><svg fill="#000000" xmlns="http://www.w3.org/2000/svg" width="24" height="24" viewBox="0 0 24 24"><path fill="none" d="M0,0h24v24H0V0z"></path><path d="M12,5.83L15.17,9l1.41-1.41L12,3L7.41,7.59L8.83,9L12,5.83z M12,18.17L8.83,15l-1.41,1.41L12,21l4.59-4.59L15.17,15 L12,18.17z"></path></svg></span><h6 class="advgb-accordion-header-title" style="color:inherit">Au sommaire de ce document</h6></div><div class="advgb-accordion-body" style="border-style:solid !important;border-width:0px !important;border-color:undefined !important;border-top:none !important;border-radius:2px !important">
<h2 class="wp-block-heading has-small-font-size">Les six dimensions de l&rsquo;examen oral</h2>



<h2 class="wp-block-heading has-small-font-size">Les trois phases de l&rsquo;examen oral</h2>



<h2 class="wp-block-heading has-small-font-size">Quelques éléments à retenir</h2>



<h2 class="wp-block-heading has-small-font-size">Références</h2>
</div></div>
</div>
</div>



<div class="wp-block-column infotableau is-layout-flow wp-block-column-is-layout-flow">
<div class="wp-block-columns infotableaumeta is-layout-flex wp-container-core-columns-is-layout-28f84493 wp-block-columns-is-layout-flex">
<div class="wp-block-column is-layout-flow wp-block-column-is-layout-flow">
<p>Version:</p>
</div>



<div class="wp-block-column is-layout-flow wp-block-column-is-layout-flow">
<p class="highlight">1.0.0</p>
</div>
</div>



<div class="wp-block-columns infotableaumeta is-layout-flex wp-container-core-columns-is-layout-28f84493 wp-block-columns-is-layout-flex">
<div class="wp-block-column is-layout-flow wp-block-column-is-layout-flow">
<p>Date:</p>
</div>



<div class="wp-block-column is-layout-flow wp-block-column-is-layout-flow">
<p class="highlight">mai 2014</p>
</div>
</div>



<div class="wp-block-columns infotableaumeta is-layout-flex wp-container-core-columns-is-layout-28f84493 wp-block-columns-is-layout-flex">
<div class="wp-block-column is-layout-flow wp-block-column-is-layout-flow">
<p>Format:</p>
</div>



<div class="wp-block-column is-layout-flow wp-block-column-is-layout-flow">
<p class="highlight">PDF</p>
</div>
</div>



<div class="wp-block-columns infotableaumeta is-layout-flex wp-container-core-columns-is-layout-28f84493 wp-block-columns-is-layout-flex">
<div class="wp-block-column is-layout-flow wp-block-column-is-layout-flow">
<p class="infotitle">Licence:</p>
</div>



<div class="wp-block-column is-layout-flow wp-block-column-is-layout-flow">
<p class="highlight">BY-NC-ND</p>
</div>
</div>



<div class="wp-block-columns infotableaumeta is-layout-flex wp-container-core-columns-is-layout-28f84493 wp-block-columns-is-layout-flex">
<div class="wp-block-column is-layout-flow wp-block-column-is-layout-flow">
<p>Auteur·e(·s):</p>
</div>



<div class="wp-block-column is-layout-flow wp-block-column-is-layout-flow">
<p class="highlight">A. Daele</p>
</div>
</div>
</div>
</div>



<div data-wp-interactive="core/file" class="wp-block-file"><object data-wp-bind--hidden="!state.hasPdfPreview" hidden class="wp-block-file__embed" data="https://enseigner.unil.ch/ressources/wp-content/uploads/exam-oral.pdf" type="application/pdf" style="width:100%;height:600px" aria-label="Contenu embarqué exam-oral."></object><a id="wp-block-file--media-012870cf-8683-4913-a1dc-efb5882a1fd4" href="https://enseigner.unil.ch/ressources/wp-content/uploads/exam-oral.pdf">exam-oral</a><a href="https://enseigner.unil.ch/ressources/wp-content/uploads/exam-oral.pdf" class="wp-block-file__button wp-element-button" download aria-describedby="wp-block-file--media-012870cf-8683-4913-a1dc-efb5882a1fd4">Télécharger</a></div>

<p>Cadre pour la préparation et l&rsquo;organisation d&rsquo;un examen oral dans l&rsquo;enseignement supérieur, et description des avantages et inconvénients de ce mode d&rsquo;évaluation.</p>

Cadre pour la préparation et l'organisation d'un examen oral dans l'enseignement supérieur, et description des avantages et inconvénients de ce mode d'évaluation.

Publié 12 ans il y a

Mis à jour 5 mois il y a

Publié le 10/05/2014

Mise à jour le 21/11/2025

Publié le 10/05/2014 8:24 am

Mise à jour le 21/11/2025 11:14 am

Types de compétences

<a href="https://enseigner.unil.ch/ressources/formats/memos/" class="advgb-post-tax-term">Les mémos du CSE</a>

<span class="advgb-post-tax-term">Les mémos du CSE</span>

Types d outils numériques

<a href="https://enseigner.unil.ch/ressources/thematiques/feedback/" class="advgb-post-tax-term">Évaluation des apprentissages</a>

<span class="advgb-post-tax-term">Évaluation des apprentissages</span>
